{"id":9306,"date":"2024-02-20T18:30:23","date_gmt":"2024-02-21T00:30:23","guid":{"rendered":"https:\/\/pangeatacticalandoutdoors.com\/?post_type=product&#038;p=9306"},"modified":"2025-05-08T10:29:39","modified_gmt":"2025-05-08T16:29:39","slug":"5-11-flag-bearer-cap-mod-89406","status":"publish","type":"product","link":"https:\/\/pangeatacticalandoutdoors.com\/index.php\/producto\/5-11-flag-bearer-cap-mod-89406\/","title":{"rendered":"5.11- FLAG BEARER CAP MOD.89406"},"content":{"rendered":"<div class=\"description product-description-full col-xs-12\">\n<div data-content-type=\"html\" data-appearance=\"default\" data-element=\"main\" data-decoded=\"true\">\n<p>La gorra Flag Bearer de 5.11 Tactical\u00ae ofrece una alternativa elegante y c\u00f3moda a los sombreros cotidianos, con un parche de gancho y bucle en el panel frontal para una f\u00e1cil personalizaci\u00f3n.<\/p>\n<\/div>\n<\/div>\n<div id=\"product-detail-secondary\" class=\"product-description-features col-xs-12\">\n<div class=\"\">\n<ul>\n<li>Ajuste de corona suave de 6 paneles<\/li>\n<li>Ala curvada alta<\/li>\n<li>Logotipos 5.11\u00ae en el ajuste de la espalda, en el parche central delantero, en la parte superior de la corona y en la costura central<\/li>\n<li>lona 100% algod\u00f3n<\/li>\n<li>Ojales bordados en la corona para ventilaci\u00f3n.<\/li>\n<li>8 hileras de costuras superiores en la visera<\/li>\n<li>Fabricaci\u00f3n de jersey absorbente para banda para el sudor con inserto de espuma para mayor comodidad.<\/li>\n<li>Una talla le queda a la mayor\u00eda<\/li>\n<li>Importado<\/li>\n<\/ul>\n<\/div>\n<\/div>\n","protected":false},"excerpt":{"rendered":"<p>La gorra Flag Bearer de 5.11 Tactical\u00ae ofrece una alternativa elegante y c\u00f3moda a los sombreros cotidianos, con un parche de gancho y bucle en el panel frontal para una f\u00e1cil personalizaci\u00f3n. Ajuste de corona suave de 6 paneles Ala curvada alta Logotipos 5.11\u00ae en el ajuste de la espalda, en el parche central delantero, &hellip;<\/p>\n<p class=\"read-more\"> <a class=\"\" href=\"https:\/\/pangeatacticalandoutdoors.com\/index.php\/producto\/5-11-flag-bearer-cap-mod-89406\/\"> <span class=\"screen-reader-text\">5.11- FLAG BEARER CAP MOD.89406<\/span> Leer m\u00e1s &raquo;<\/a><\/p>\n","protected":false},"featured_media":9308,"comment_status":"open","ping_status":"closed","template":"","meta":{"site-sidebar-layout":"default","site-content-layout":"default","ast-global-header-display":"","ast-main-header-display":"","ast-hfb-above-header-display":"","ast-hfb-below-header-display":"","ast-hfb-mobile-header-display":"","site-post-title":"","ast-breadcrumbs-content":"","ast-featured-img":"","footer-sml-layout":"","theme-transparent-header-meta":"default","adv-header-id-meta":"","stick-header-meta":"","header-above-stick-meta":"","header-main-stick-meta":"","header-below-stick-meta":""},"product_cat":[15],"product_tag":[],"class_list":["post-9306","product","type-product","status-publish","has-post-thumbnail","hentry","product_cat-sin-categorizar"],"jetpack_sharing_enabled":true,"_links":{"self":[{"href":"https:\/\/pangeatacticalandoutdoors.com\/index.php\/wp-json\/wp\/v2\/product\/9306","targetHints":{"allow":["GET"]}}],"collection":[{"href":"https:\/\/pangeatacticalandoutdoors.com\/index.php\/wp-json\/wp\/v2\/product"}],"about":[{"href":"https:\/\/pangeatacticalandoutdoors.com\/index.php\/wp-json\/wp\/v2\/types\/product"}],"replies":[{"embeddable":true,"href":"https:\/\/pangeatacticalandoutdoors.com\/index.php\/wp-json\/wp\/v2\/comments?post=9306"}],"wp:featuredmedia":[{"embeddable":true,"href":"https:\/\/pangeatacticalandoutdoors.com\/index.php\/wp-json\/wp\/v2\/media\/9308"}],"wp:attachment":[{"href":"https:\/\/pangeatacticalandoutdoors.com\/index.php\/wp-json\/wp\/v2\/media?parent=9306"}],"wp:term":[{"taxonomy":"product_cat","embeddable":true,"href":"https:\/\/pangeatacticalandoutdoors.com\/index.php\/wp-json\/wp\/v2\/product_cat?post=9306"},{"taxonomy":"product_tag","embeddable":true,"href":"https:\/\/pangeatacticalandoutdoors.com\/index.php\/wp-json\/wp\/v2\/product_tag?post=9306"}],"curies":[{"name":"wp","href":"https:\/\/api.w.org\/{rel}","templated":true}]}}