{"id":9301,"date":"2024-02-20T18:21:48","date_gmt":"2024-02-21T00:21:48","guid":{"rendered":"https:\/\/pangeatacticalandoutdoors.com\/?post_type=product&#038;p=9301"},"modified":"2026-02-11T12:10:21","modified_gmt":"2026-02-11T18:10:21","slug":"5-11-leather-box-logo-cap-mod-89200","status":"publish","type":"product","link":"https:\/\/pangeatacticalandoutdoors.com\/index.php\/producto\/5-11-leather-box-logo-cap-mod-89200\/","title":{"rendered":"5.11-LEATHER BOX LOGO CAP MOD.89200"},"content":{"rendered":"<div class=\"description product-description-full col-xs-12\">\n<p>Mejora tu gorra de camionero desgastada con la gorra de cuero con logo 5.11\u00ae. Esta gorra cl\u00e1sica de seis paneles est\u00e1 confeccionada con sarga duradera 100 % algod\u00f3n. La copa suave proporciona una forma tradicional, mientras que el ala curva est\u00e1ndar est\u00e1 terminada con hileras de costuras para una buena apariencia y durabilidad. Los ojales bordados en la corona aumentan la ventilaci\u00f3n. Una banda para el sudor de tejido antiolor y absorbente incluye un inserto de espuma para garantizar comodidad durante todo el d\u00eda. El cierre de velcro en la espalda garantiza un ajuste perfecto. Un logotipo de cuero en la parte delantera y un parche bordado en la parte superior a\u00f1aden toques limpios y profesionales a la gorra Leather Box Logo.<\/p>\n<\/div>\n<div id=\"product-detail-secondary\" class=\"product-description-features col-xs-12\">\n<div class=\"\">\n<ul>\n<li>Construcci\u00f3n de 6 paneles<\/li>\n<li>Soft crown<\/li>\n<li>Banda para el sudor de tejido jersey absorbente y antiolor con inserto de espuma<\/li>\n<li>Parche de bucle y bordado [+] en la parte superior de la gorra, en lugar de bot\u00f3n<\/li>\n<li>Etiqueta con logo de cuero en el centro del frente<\/li>\n<li>Ajuste de la espalda mediante gancho y bucle + 100 % sarga de algod\u00f3n<\/li>\n<\/ul>\n<\/div>\n<\/div>\n","protected":false},"excerpt":{"rendered":"<p>Mejora tu gorra de camionero desgastada con la gorra de cuero con logo 5.11\u00ae. Esta gorra cl\u00e1sica de seis paneles est\u00e1 confeccionada con sarga duradera 100 % algod\u00f3n. La copa suave proporciona una forma tradicional, mientras que el ala curva est\u00e1ndar est\u00e1 terminada con hileras de costuras para una buena apariencia y durabilidad. Los ojales &hellip;<\/p>\n<p class=\"read-more\"> <a class=\"\" href=\"https:\/\/pangeatacticalandoutdoors.com\/index.php\/producto\/5-11-leather-box-logo-cap-mod-89200\/\"> <span class=\"screen-reader-text\">5.11-LEATHER BOX LOGO CAP MOD.89200<\/span> Leer m\u00e1s &raquo;<\/a><\/p>\n","protected":false},"featured_media":9303,"comment_status":"open","ping_status":"closed","template":"","meta":{"site-sidebar-layout":"default","site-content-layout":"default","ast-global-header-display":"","ast-main-header-display":"","ast-hfb-above-header-display":"","ast-hfb-below-header-display":"","ast-hfb-mobile-header-display":"","site-post-title":"","ast-breadcrumbs-content":"","ast-featured-img":"","footer-sml-layout":"","theme-transparent-header-meta":"default","adv-header-id-meta":"","stick-header-meta":"","header-above-stick-meta":"","header-main-stick-meta":"","header-below-stick-meta":""},"product_cat":[15],"product_tag":[],"class_list":["post-9301","product","type-product","status-publish","has-post-thumbnail","hentry","product_cat-sin-categorizar"],"jetpack_sharing_enabled":true,"_links":{"self":[{"href":"https:\/\/pangeatacticalandoutdoors.com\/index.php\/wp-json\/wp\/v2\/product\/9301","targetHints":{"allow":["GET"]}}],"collection":[{"href":"https:\/\/pangeatacticalandoutdoors.com\/index.php\/wp-json\/wp\/v2\/product"}],"about":[{"href":"https:\/\/pangeatacticalandoutdoors.com\/index.php\/wp-json\/wp\/v2\/types\/product"}],"replies":[{"embeddable":true,"href":"https:\/\/pangeatacticalandoutdoors.com\/index.php\/wp-json\/wp\/v2\/comments?post=9301"}],"wp:featuredmedia":[{"embeddable":true,"href":"https:\/\/pangeatacticalandoutdoors.com\/index.php\/wp-json\/wp\/v2\/media\/9303"}],"wp:attachment":[{"href":"https:\/\/pangeatacticalandoutdoors.com\/index.php\/wp-json\/wp\/v2\/media?parent=9301"}],"wp:term":[{"taxonomy":"product_cat","embeddable":true,"href":"https:\/\/pangeatacticalandoutdoors.com\/index.php\/wp-json\/wp\/v2\/product_cat?post=9301"},{"taxonomy":"product_tag","embeddable":true,"href":"https:\/\/pangeatacticalandoutdoors.com\/index.php\/wp-json\/wp\/v2\/product_tag?post=9301"}],"curies":[{"name":"wp","href":"https:\/\/api.w.org\/{rel}","templated":true}]}}