{"id":7716,"date":"2022-09-23T12:44:52","date_gmt":"2022-09-23T17:44:52","guid":{"rendered":"https:\/\/pangeatacticalandoutdoors.com\/?post_type=product&#038;p=7716"},"modified":"2026-02-23T12:22:21","modified_gmt":"2026-02-23T18:22:21","slug":"pantalon-tactico-pixel","status":"publish","type":"product","link":"https:\/\/pangeatacticalandoutdoors.com\/index.php\/producto\/pantalon-tactico-pixel\/","title":{"rendered":"ALTEC-PANTALON TACTICO PIXEL CABALLERO"},"content":{"rendered":"<p>Pantal\u00f3n dise\u00f1ado para las fuerzas del orden , cuenta con las especificaciones de dise\u00f1o, confecci\u00f3n y materias primas de la m\u00e1s alta calidad, adem\u00e1s de pruebas de laboratorio certificado para dar la garant\u00eda y certeza, tela antimic\u00f3tica, con tefl\u00f3n, anticloro, anti manchas etc., cuenta con cinta el\u00e1stica para ajuste en la cintura.<\/p>\n","protected":false},"excerpt":{"rendered":"<p>Pantal\u00f3n dise\u00f1ado para las fuerzas del orden , cuenta con las especificaciones de dise\u00f1o, confecci\u00f3n y materias primas de la m\u00e1s alta calidad, adem\u00e1s de pruebas de laboratorio certificado para dar la garant\u00eda y certeza, tela antimic\u00f3tica, con tefl\u00f3n, anticloro, anti manchas etc., cuenta con cinta el\u00e1stica para ajuste en la cintura.<\/p>\n","protected":false},"featured_media":0,"comment_status":"open","ping_status":"closed","template":"","meta":{"site-sidebar-layout":"default","site-content-layout":"default","ast-global-header-display":"","ast-main-header-display":"","ast-hfb-above-header-display":"","ast-hfb-below-header-display":"","ast-hfb-mobile-header-display":"","site-post-title":"","ast-breadcrumbs-content":"","ast-featured-img":"","footer-sml-layout":"","theme-transparent-header-meta":"default","adv-header-id-meta":"","stick-header-meta":"","header-above-stick-meta":"","header-main-stick-meta":"","header-below-stick-meta":""},"product_cat":[133],"product_tag":[],"class_list":["post-7716","product","type-product","status-publish","hentry","product_cat-pantalones"],"jetpack_sharing_enabled":true,"_links":{"self":[{"href":"https:\/\/pangeatacticalandoutdoors.com\/index.php\/wp-json\/wp\/v2\/product\/7716","targetHints":{"allow":["GET"]}}],"collection":[{"href":"https:\/\/pangeatacticalandoutdoors.com\/index.php\/wp-json\/wp\/v2\/product"}],"about":[{"href":"https:\/\/pangeatacticalandoutdoors.com\/index.php\/wp-json\/wp\/v2\/types\/product"}],"replies":[{"embeddable":true,"href":"https:\/\/pangeatacticalandoutdoors.com\/index.php\/wp-json\/wp\/v2\/comments?post=7716"}],"wp:attachment":[{"href":"https:\/\/pangeatacticalandoutdoors.com\/index.php\/wp-json\/wp\/v2\/media?parent=7716"}],"wp:term":[{"taxonomy":"product_cat","embeddable":true,"href":"https:\/\/pangeatacticalandoutdoors.com\/index.php\/wp-json\/wp\/v2\/product_cat?post=7716"},{"taxonomy":"product_tag","embeddable":true,"href":"https:\/\/pangeatacticalandoutdoors.com\/index.php\/wp-json\/wp\/v2\/product_tag?post=7716"}],"curies":[{"name":"wp","href":"https:\/\/api.w.org\/{rel}","templated":true}]}}