{"id":7435,"date":"2022-09-02T15:19:23","date_gmt":"2022-09-02T20:19:23","guid":{"rendered":"https:\/\/pangeatacticalandoutdoors.com\/?post_type=product&#038;p=7435"},"modified":"2024-03-13T18:58:22","modified_gmt":"2024-03-14T00:58:22","slug":"gu-hydratation-drink-tabs","status":"publish","type":"product","link":"https:\/\/pangeatacticalandoutdoors.com\/index.php\/producto\/gu-hydratation-drink-tabs\/","title":{"rendered":"GU HYDRATATION DRINK TABS"},"content":{"rendered":"<p>GU HYDRATATION DRINK TABS-STRAWBERRY LEMONADE<\/p>\n<p>Creadas especialmente para hidrataci\u00f3n, las tabletas de hidrataci\u00f3n GU ofrecen al atleta y deportista amateur una opci\u00f3n de hidrataci\u00f3n de bajas calor\u00edas. Las tabletas de hidrataci\u00f3n GU est\u00e1n reformuladas con Xilitol para ayudar a reducir el estr\u00e9s o malestar estomacal, en comparaci\u00f3n con el Sorbitol.<\/p>\n<p>TUBO CON 12 TABLETAS<\/p>\n","protected":false},"excerpt":{"rendered":"<p>GU HYDRATATION DRINK TABS-STRAWBERRY LEMONADE Creadas especialmente para hidrataci\u00f3n, las tabletas de hidrataci\u00f3n GU ofrecen al atleta y deportista amateur una opci\u00f3n de hidrataci\u00f3n de bajas calor\u00edas. Las tabletas de hidrataci\u00f3n GU est\u00e1n reformuladas con Xilitol para ayudar a reducir el estr\u00e9s o malestar estomacal, en comparaci\u00f3n con el Sorbitol. TUBO CON 12 TABLETAS<\/p>\n","protected":false},"featured_media":7436,"comment_status":"open","ping_status":"closed","template":"","meta":{"site-sidebar-layout":"default","site-content-layout":"default","ast-global-header-display":"","ast-main-header-display":"","ast-hfb-above-header-display":"","ast-hfb-below-header-display":"","ast-hfb-mobile-header-display":"","site-post-title":"","ast-breadcrumbs-content":"","ast-featured-img":"","footer-sml-layout":"","theme-transparent-header-meta":"default","adv-header-id-meta":"","stick-header-meta":"","header-above-stick-meta":"","header-main-stick-meta":"","header-below-stick-meta":""},"product_cat":[15],"product_tag":[],"class_list":["post-7435","product","type-product","status-publish","has-post-thumbnail","hentry","product_cat-sin-categorizar"],"jetpack_sharing_enabled":true,"_links":{"self":[{"href":"https:\/\/pangeatacticalandoutdoors.com\/index.php\/wp-json\/wp\/v2\/product\/7435","targetHints":{"allow":["GET"]}}],"collection":[{"href":"https:\/\/pangeatacticalandoutdoors.com\/index.php\/wp-json\/wp\/v2\/product"}],"about":[{"href":"https:\/\/pangeatacticalandoutdoors.com\/index.php\/wp-json\/wp\/v2\/types\/product"}],"replies":[{"embeddable":true,"href":"https:\/\/pangeatacticalandoutdoors.com\/index.php\/wp-json\/wp\/v2\/comments?post=7435"}],"wp:featuredmedia":[{"embeddable":true,"href":"https:\/\/pangeatacticalandoutdoors.com\/index.php\/wp-json\/wp\/v2\/media\/7436"}],"wp:attachment":[{"href":"https:\/\/pangeatacticalandoutdoors.com\/index.php\/wp-json\/wp\/v2\/media?parent=7435"}],"wp:term":[{"taxonomy":"product_cat","embeddable":true,"href":"https:\/\/pangeatacticalandoutdoors.com\/index.php\/wp-json\/wp\/v2\/product_cat?post=7435"},{"taxonomy":"product_tag","embeddable":true,"href":"https:\/\/pangeatacticalandoutdoors.com\/index.php\/wp-json\/wp\/v2\/product_tag?post=7435"}],"curies":[{"name":"wp","href":"https:\/\/api.w.org\/{rel}","templated":true}]}}