{"id":7421,"date":"2022-09-02T14:43:44","date_gmt":"2022-09-02T19:43:44","guid":{"rendered":"https:\/\/pangeatacticalandoutdoors.com\/?post_type=product&#038;p=7421"},"modified":"2022-09-02T14:43:45","modified_gmt":"2022-09-02T19:43:45","slug":"caja-c-12-pzas-gu-liquid-energy","status":"publish","type":"product","link":"https:\/\/pangeatacticalandoutdoors.com\/index.php\/producto\/caja-c-12-pzas-gu-liquid-energy\/","title":{"rendered":"CAJA C\/12 PZAS GU LIQUID ENERGY"},"content":{"rendered":"<p><em><strong>GEL ENERGETICO DE FACIL DIGESTION.<\/strong><\/em><\/p>\n<p><b><i>Igual que GU ENERGY GEL\u00a0 , pero en forma liquida , para los que buscan otra consistencia .<\/i><\/b><\/p>\n<p><strong>F\u00e1cil de tomar, f\u00e1cil de digerir, Liqud Energy<\/strong> provee solo lo que tu necesitas consumir sin darte el baj\u00f3n. GU te da lo que necesitas para ir m\u00e1s r\u00e1pido y mas lejos.<\/p>\n","protected":false},"excerpt":{"rendered":"<p>GEL ENERGETICO DE FACIL DIGESTION. Igual que GU ENERGY GEL\u00a0 , pero en forma liquida , para los que buscan otra consistencia . F\u00e1cil de tomar, f\u00e1cil de digerir, Liqud Energy provee solo lo que tu necesitas consumir sin darte el baj\u00f3n. GU te da lo que necesitas para ir m\u00e1s r\u00e1pido y mas lejos.<\/p>\n","protected":false},"featured_media":7419,"comment_status":"open","ping_status":"closed","template":"","meta":{"site-sidebar-layout":"default","site-content-layout":"default","ast-global-header-display":"","ast-main-header-display":"","ast-hfb-above-header-display":"","ast-hfb-below-header-display":"","ast-hfb-mobile-header-display":"","site-post-title":"","ast-breadcrumbs-content":"","ast-featured-img":"","footer-sml-layout":"","theme-transparent-header-meta":"default","adv-header-id-meta":"","stick-header-meta":"","header-above-stick-meta":"","header-main-stick-meta":"","header-below-stick-meta":""},"product_cat":[15],"product_tag":[],"class_list":["post-7421","product","type-product","status-publish","has-post-thumbnail","hentry","product_cat-sin-categorizar"],"jetpack_sharing_enabled":true,"_links":{"self":[{"href":"https:\/\/pangeatacticalandoutdoors.com\/index.php\/wp-json\/wp\/v2\/product\/7421","targetHints":{"allow":["GET"]}}],"collection":[{"href":"https:\/\/pangeatacticalandoutdoors.com\/index.php\/wp-json\/wp\/v2\/product"}],"about":[{"href":"https:\/\/pangeatacticalandoutdoors.com\/index.php\/wp-json\/wp\/v2\/types\/product"}],"replies":[{"embeddable":true,"href":"https:\/\/pangeatacticalandoutdoors.com\/index.php\/wp-json\/wp\/v2\/comments?post=7421"}],"wp:featuredmedia":[{"embeddable":true,"href":"https:\/\/pangeatacticalandoutdoors.com\/index.php\/wp-json\/wp\/v2\/media\/7419"}],"wp:attachment":[{"href":"https:\/\/pangeatacticalandoutdoors.com\/index.php\/wp-json\/wp\/v2\/media?parent=7421"}],"wp:term":[{"taxonomy":"product_cat","embeddable":true,"href":"https:\/\/pangeatacticalandoutdoors.com\/index.php\/wp-json\/wp\/v2\/product_cat?post=7421"},{"taxonomy":"product_tag","embeddable":true,"href":"https:\/\/pangeatacticalandoutdoors.com\/index.php\/wp-json\/wp\/v2\/product_tag?post=7421"}],"curies":[{"name":"wp","href":"https:\/\/api.w.org\/{rel}","templated":true}]}}