{"id":6780,"date":"2022-05-31T13:33:42","date_gmt":"2022-05-31T18:33:42","guid":{"rendered":"https:\/\/pangeatacticalandoutdoors.com\/?post_type=product&#038;p=6780"},"modified":"2024-01-02T14:38:31","modified_gmt":"2024-01-02T20:38:31","slug":"bd-hacha-para-hielo-raven-ice-axe","status":"publish","type":"product","link":"https:\/\/pangeatacticalandoutdoors.com\/index.php\/producto\/bd-hacha-para-hielo-raven-ice-axe\/","title":{"rendered":"BD-HACHA PARA HIELO RAVEN ICE AXE"},"content":{"rendered":"<div class=\"product-description-container\" data-v-1fe25123=\"\">\n<div class=\"product-description\" data-v-1fe25123=\"\"><em>Hacha para hielo de pico curvo original de Chouinard, el Black Diamond Raven Ice Axe es un piolet de alpinista cl\u00e1sico que se ha utilizado en escaladas cl\u00e1sicas en todo el mundo durante d\u00e9cadas. Ahora redise\u00f1ado, el Raven es m\u00e1s liviano y luce una cabeza de acero inoxidable fundido a la inversi\u00f3n actualizada y ergon\u00f3micamente mejorada para una mayor comodidad al caminar.\u00a0La geometr\u00eda actualizada de pico y azuela permite ubicaciones m\u00e1s seguras y un corte eficiente, y la punta renovada agrega una mejor mordida en esas ubicaciones heladas con una capacidad de inmersi\u00f3n mejorada.\u00a0El eje de aluminio duradero de grado aeron\u00e1utico tambi\u00e9n se ha mejorado con una secci\u00f3n transversal trapezoidal para un agarre mejor y m\u00e1s c\u00f3modo.<\/em><\/div>\n<div data-v-1fe25123=\"\"><\/div>\n<\/div>\n<div class=\"product-bullets-container\" data-v-1fe25123=\"\">\n<div class=\"visually-hidden\" data-v-1fe25123=\"\"><strong>CARACTER\u00cdSTICAS:<\/strong><\/div>\n<div data-v-1fe25123=\"\"><\/div>\n<div class=\"product-bullets\" data-v-1fe25123=\"\">\n<ul>\n<li>Durable, secci\u00f3n transversal trapezoidal, eje de aluminio de calidad aeron\u00e1utica<\/li>\n<li>Cabezal de acero inoxidable de una sola pieza fundido a la cera perdida con un orificio grande para un mosquet\u00f3n<\/li>\n<li>La curva y los dientes de Pick est\u00e1n dise\u00f1ados para una autodetenci\u00f3n segura.<\/li>\n<li>Certificado CEN-B<\/li>\n<li><span class=\"tech-spec-label\" data-v-1fe25123=\"\"><span>Materiales: <\/span><\/span><span class=\"tech-spec-value\" data-v-1fe25123=\"\"><span>Aluminio, cabeza y punta de acero inoxidable<\/span><\/span><\/li>\n<li><span class=\"tech-spec-label\" data-v-1fe25123=\"\"><span>Cabeza de <\/span><\/span><span class=\"tech-spec-value\" data-v-1fe25123=\"\"><span>Acero inoxidable fundido a la cera perdida<\/span><\/span><\/li>\n<li><span class=\"tech-spec-label\" data-v-1fe25123=\"\"><span>Eje de <\/span><\/span><span class=\"tech-spec-value\" data-v-1fe25123=\"\"><span>Aluminio<\/span><\/span><\/li>\n<\/ul>\n<p><strong><span class=\"tech-spec-label\" data-v-1fe25123=\"\">Peso:<\/span><\/strong><\/p>\n<p><span class=\"tech-spec-value\" data-v-1fe25123=\"\"><span><span class=\"\">[60 cm] 445 g (15,7 onzas)<\/span><\/span><br \/>\n<span><span class=\"\">[70 cm] 478 g (16,86 onzas)<\/span><\/span><br \/>\n<span><span class=\"\">[75 cm] 495 g (17,46 onzas)<\/span><\/span><\/p>\n<p><\/span><\/p>\n<\/div>\n<\/div>\n","protected":false},"excerpt":{"rendered":"<p>Hacha para hielo de pico curvo original de Chouinard, el Black Diamond Raven Ice Axe es un piolet de alpinista cl\u00e1sico que se ha utilizado en escaladas cl\u00e1sicas en todo el mundo durante d\u00e9cadas. Ahora redise\u00f1ado, el Raven es m\u00e1s liviano y luce una cabeza de acero inoxidable fundido a la inversi\u00f3n actualizada y ergon\u00f3micamente &hellip;<\/p>\n<p class=\"read-more\"> <a class=\"\" href=\"https:\/\/pangeatacticalandoutdoors.com\/index.php\/producto\/bd-hacha-para-hielo-raven-ice-axe\/\"> <span class=\"screen-reader-text\">BD-HACHA PARA HIELO RAVEN ICE AXE<\/span> Leer m\u00e1s &raquo;<\/a><\/p>\n","protected":false},"featured_media":6784,"comment_status":"open","ping_status":"closed","template":"","meta":{"site-sidebar-layout":"default","site-content-layout":"default","ast-global-header-display":"","ast-main-header-display":"","ast-hfb-above-header-display":"","ast-hfb-below-header-display":"","ast-hfb-mobile-header-display":"","site-post-title":"","ast-breadcrumbs-content":"","ast-featured-img":"","footer-sml-layout":"","theme-transparent-header-meta":"default","adv-header-id-meta":"","stick-header-meta":"","header-above-stick-meta":"","header-main-stick-meta":"","header-below-stick-meta":""},"product_cat":[450,88],"product_tag":[],"class_list":["post-6780","product","type-product","status-publish","has-post-thumbnail","hentry","product_cat-hachas","product_cat-campismo"],"jetpack_sharing_enabled":true,"_links":{"self":[{"href":"https:\/\/pangeatacticalandoutdoors.com\/index.php\/wp-json\/wp\/v2\/product\/6780","targetHints":{"allow":["GET"]}}],"collection":[{"href":"https:\/\/pangeatacticalandoutdoors.com\/index.php\/wp-json\/wp\/v2\/product"}],"about":[{"href":"https:\/\/pangeatacticalandoutdoors.com\/index.php\/wp-json\/wp\/v2\/types\/product"}],"replies":[{"embeddable":true,"href":"https:\/\/pangeatacticalandoutdoors.com\/index.php\/wp-json\/wp\/v2\/comments?post=6780"}],"wp:featuredmedia":[{"embeddable":true,"href":"https:\/\/pangeatacticalandoutdoors.com\/index.php\/wp-json\/wp\/v2\/media\/6784"}],"wp:attachment":[{"href":"https:\/\/pangeatacticalandoutdoors.com\/index.php\/wp-json\/wp\/v2\/media?parent=6780"}],"wp:term":[{"taxonomy":"product_cat","embeddable":true,"href":"https:\/\/pangeatacticalandoutdoors.com\/index.php\/wp-json\/wp\/v2\/product_cat?post=6780"},{"taxonomy":"product_tag","embeddable":true,"href":"https:\/\/pangeatacticalandoutdoors.com\/index.php\/wp-json\/wp\/v2\/product_tag?post=6780"}],"curies":[{"name":"wp","href":"https:\/\/api.w.org\/{rel}","templated":true}]}}