{"id":6667,"date":"2022-05-20T13:57:34","date_gmt":"2022-05-20T18:57:34","guid":{"rendered":"https:\/\/pangeatacticalandoutdoors.com\/?post_type=product&#038;p=6667"},"modified":"2022-05-20T14:20:16","modified_gmt":"2022-05-20T19:20:16","slug":"lazzar-bota-borcegui-dielectrica-con-casco-de-poliamida","status":"publish","type":"product","link":"https:\/\/pangeatacticalandoutdoors.com\/index.php\/producto\/lazzar-bota-borcegui-dielectrica-con-casco-de-poliamida\/","title":{"rendered":"LAZZAR-BOTA BORCEGUI DIEL\u00c9CTRICA CON CASCO DE POLIAMIDA"},"content":{"rendered":"<div class=\"c-product-short-desc c-font-14 c-font-black\">\n<p><em>Botas Borcegui Diel\u00e9ctrica<\/em><\/p>\n<p><strong>CARACTER\u00cdSTICAS:<\/strong><\/p>\n<ul>\n<li>Constituci\u00f3n Goodyear Welt contra solventes.<\/li>\n<li>Suela antiderrapante de poliuterano o hule.<\/li>\n<li>Con casquillo de Poliamida.<\/li>\n<li>Plantilla Textil con base de confort material espumado.<\/li>\n<li>Piel 100% flor entera, ganado vacuno cal.20<\/li>\n<li>Cumple con la Norma ISO<\/li>\n<li>Certificado ISO NOM 113 STPS 2009 Numero de certificado: 0202CZ00065<\/li>\n<\/ul>\n<\/div>\n<div class=\"c-product-short-desc c-font-14 c-font-black\"><\/div>\n","protected":false},"excerpt":{"rendered":"<p>Botas Borcegui Diel\u00e9ctrica CARACTER\u00cdSTICAS: Constituci\u00f3n Goodyear Welt contra solventes. Suela antiderrapante de poliuterano o hule. Con casquillo de Poliamida. Plantilla Textil con base de confort material espumado. Piel 100% flor entera, ganado vacuno cal.20 Cumple con la Norma ISO Certificado ISO NOM 113 STPS 2009 Numero de certificado: 0202CZ00065<\/p>\n","protected":false},"featured_media":6670,"comment_status":"open","ping_status":"closed","template":"","meta":{"site-sidebar-layout":"default","site-content-layout":"default","ast-global-header-display":"","ast-main-header-display":"","ast-hfb-above-header-display":"","ast-hfb-below-header-display":"","ast-hfb-mobile-header-display":"","site-post-title":"","ast-breadcrumbs-content":"","ast-featured-img":"","footer-sml-layout":"","theme-transparent-header-meta":"default","adv-header-id-meta":"","stick-header-meta":"","header-above-stick-meta":"","header-main-stick-meta":"","header-below-stick-meta":""},"product_cat":[139,87],"product_tag":[],"class_list":["post-6667","product","type-product","status-publish","has-post-thumbnail","hentry","product_cat-botas","product_cat-ropa"],"jetpack_sharing_enabled":true,"_links":{"self":[{"href":"https:\/\/pangeatacticalandoutdoors.com\/index.php\/wp-json\/wp\/v2\/product\/6667","targetHints":{"allow":["GET"]}}],"collection":[{"href":"https:\/\/pangeatacticalandoutdoors.com\/index.php\/wp-json\/wp\/v2\/product"}],"about":[{"href":"https:\/\/pangeatacticalandoutdoors.com\/index.php\/wp-json\/wp\/v2\/types\/product"}],"replies":[{"embeddable":true,"href":"https:\/\/pangeatacticalandoutdoors.com\/index.php\/wp-json\/wp\/v2\/comments?post=6667"}],"wp:featuredmedia":[{"embeddable":true,"href":"https:\/\/pangeatacticalandoutdoors.com\/index.php\/wp-json\/wp\/v2\/media\/6670"}],"wp:attachment":[{"href":"https:\/\/pangeatacticalandoutdoors.com\/index.php\/wp-json\/wp\/v2\/media?parent=6667"}],"wp:term":[{"taxonomy":"product_cat","embeddable":true,"href":"https:\/\/pangeatacticalandoutdoors.com\/index.php\/wp-json\/wp\/v2\/product_cat?post=6667"},{"taxonomy":"product_tag","embeddable":true,"href":"https:\/\/pangeatacticalandoutdoors.com\/index.php\/wp-json\/wp\/v2\/product_tag?post=6667"}],"curies":[{"name":"wp","href":"https:\/\/api.w.org\/{rel}","templated":true}]}}