{"id":6510,"date":"2022-04-27T17:25:21","date_gmt":"2022-04-27T22:25:21","guid":{"rendered":"https:\/\/pangeatacticalandoutdoors.com\/?post_type=product&#038;p=6510"},"modified":"2023-10-05T17:11:51","modified_gmt":"2023-10-05T22:11:51","slug":"buff-coolnet-uv-reflective-2","status":"publish","type":"product","link":"https:\/\/pangeatacticalandoutdoors.com\/index.php\/producto\/buff-coolnet-uv-reflective-2\/","title":{"rendered":"BUFF-COOLNET UV+ REFLECTIVE"},"content":{"rendered":"<p><em>Tecnolog\u00eda CoolNet\u00ae UV: frescor y protecci\u00f3n solar con materiales reciclados. Protecci\u00f3n UPF 50 contra los rayos ultravioleta. Protecci\u00f3n y brillo: tecnolog\u00eda Reflective 360\u00ba. Tubular multifuncional perfecto para realizar actividades al aire libre sea cual sea el nivel de luz. La tecnolog\u00eda CoolNet\u00ae UV+ ofrece una alta protecci\u00f3n contra los rayos UV para disfrutar del sol mientras te proteges de las radiaciones solares nocivas. Fabricado con materiales reflectantes, tu recorrido ser\u00e1 m\u00e1s seguro en cualquier momento del d\u00eda. Ligero, transpirable y c\u00f3modo. Tecnolog\u00eda CoolNet\u00ae: materiales reciclados, protecci\u00f3n solar UPF+50 y efecto cooling. Disfruta de protecci\u00f3n total con la tecnolog\u00eda m\u00e1s innovadora. Fabricado sin una sola costura, en una sola pieza. Dise\u00f1ado para mejorar la comodidad y evitar las rozaduras. La tecnolog\u00eda Reflective 360 es la mejor forma para aumentar tu visibilidad desde todos los \u00e1ngulos. Ideal para actividades outdoor nocturnas. Fabricado a partir de materiales reciclados. Disfruta de un producto eco dise\u00f1ado para un mundo mejor.<\/em><\/p>\n","protected":false},"excerpt":{"rendered":"<p>Tecnolog\u00eda CoolNet\u00ae UV: frescor y protecci\u00f3n solar con materiales reciclados. Protecci\u00f3n UPF 50 contra los rayos ultravioleta. Protecci\u00f3n y brillo: tecnolog\u00eda Reflective 360\u00ba. Tubular multifuncional perfecto para realizar actividades al aire libre sea cual sea el nivel de luz. La tecnolog\u00eda CoolNet\u00ae UV+ ofrece una alta protecci\u00f3n contra los rayos UV para disfrutar del sol &hellip;<\/p>\n<p class=\"read-more\"> <a class=\"\" href=\"https:\/\/pangeatacticalandoutdoors.com\/index.php\/producto\/buff-coolnet-uv-reflective-2\/\"> <span class=\"screen-reader-text\">BUFF-COOLNET UV+ REFLECTIVE<\/span> Leer m\u00e1s &raquo;<\/a><\/p>\n","protected":false},"featured_media":6511,"comment_status":"open","ping_status":"closed","template":"","meta":{"site-sidebar-layout":"default","site-content-layout":"default","ast-global-header-display":"","ast-main-header-display":"","ast-hfb-above-header-display":"","ast-hfb-below-header-display":"","ast-hfb-mobile-header-display":"","site-post-title":"","ast-breadcrumbs-content":"","ast-featured-img":"","footer-sml-layout":"","theme-transparent-header-meta":"default","adv-header-id-meta":"","stick-header-meta":"","header-above-stick-meta":"","header-main-stick-meta":"","header-below-stick-meta":""},"product_cat":[90,433],"product_tag":[],"class_list":["post-6510","product","type-product","status-publish","has-post-thumbnail","hentry","product_cat-accesorios","product_cat-bufanda-de-tubo"],"jetpack_sharing_enabled":true,"_links":{"self":[{"href":"https:\/\/pangeatacticalandoutdoors.com\/index.php\/wp-json\/wp\/v2\/product\/6510","targetHints":{"allow":["GET"]}}],"collection":[{"href":"https:\/\/pangeatacticalandoutdoors.com\/index.php\/wp-json\/wp\/v2\/product"}],"about":[{"href":"https:\/\/pangeatacticalandoutdoors.com\/index.php\/wp-json\/wp\/v2\/types\/product"}],"replies":[{"embeddable":true,"href":"https:\/\/pangeatacticalandoutdoors.com\/index.php\/wp-json\/wp\/v2\/comments?post=6510"}],"wp:featuredmedia":[{"embeddable":true,"href":"https:\/\/pangeatacticalandoutdoors.com\/index.php\/wp-json\/wp\/v2\/media\/6511"}],"wp:attachment":[{"href":"https:\/\/pangeatacticalandoutdoors.com\/index.php\/wp-json\/wp\/v2\/media?parent=6510"}],"wp:term":[{"taxonomy":"product_cat","embeddable":true,"href":"https:\/\/pangeatacticalandoutdoors.com\/index.php\/wp-json\/wp\/v2\/product_cat?post=6510"},{"taxonomy":"product_tag","embeddable":true,"href":"https:\/\/pangeatacticalandoutdoors.com\/index.php\/wp-json\/wp\/v2\/product_tag?post=6510"}],"curies":[{"name":"wp","href":"https:\/\/api.w.org\/{rel}","templated":true}]}}