{"id":6484,"date":"2022-04-26T16:07:55","date_gmt":"2022-04-26T21:07:55","guid":{"rendered":"https:\/\/pangeatacticalandoutdoors.com\/?post_type=product&#038;p=6484"},"modified":"2023-12-23T10:32:34","modified_gmt":"2023-12-23T16:32:34","slug":"buff-coolnet-uv-kids","status":"publish","type":"product","link":"https:\/\/pangeatacticalandoutdoors.com\/index.php\/producto\/buff-coolnet-uv-kids\/","title":{"rendered":"BUFF-COOLNET UV KIDS"},"content":{"rendered":"<p><em>Tubular Coolnet\u00ae UV Kids: Tubular multifuncional perfecto para realizar actividades al aire libre en los d\u00edas soleados. Ofrece una alta protecci\u00f3n contra los rayos UV para disfrutar del sol mientras te proteges de las radiaciones solares nocivas. Ligero, transpirable y c\u00f3modo, esta braga de cuello para ni\u00f1os es la compa\u00f1era ideal para correr, montar en bici, caminar y disfrutar de la naturaleza.<\/em><\/p>\n<h6>CARACTER\u00cdSTICAS:<\/h6>\n<ul>\n<li>Tecnolog\u00eda CoolNet\u00ae: materiales reciclados, protecci\u00f3n solar UPF50 y efecto cooling. Disfruta de protecci\u00f3n total con la tecnolog\u00eda m\u00e1s innovadora.<\/li>\n<li>Fabricado sin una sola costura, en una sola pieza. Dise\u00f1ado para mejorar la comodidad y evitar las rozaduras.<\/li>\n<li>Fabricado a partir de materiales reciclados. Disfruta de un producto eco dise\u00f1ado para un mundo mejor.<\/li>\n<li>Dise\u00f1o espec\u00edfico para ni\u00f1os: colores, estampados, tama\u00f1os y tecnolog\u00edas pensadas para la protecci\u00f3n y la comodidad de los m\u00e1s peque\u00f1os.<\/li>\n<\/ul>\n","protected":false},"excerpt":{"rendered":"<p>Tubular Coolnet\u00ae UV Kids: Tubular multifuncional perfecto para realizar actividades al aire libre en los d\u00edas soleados. Ofrece una alta protecci\u00f3n contra los rayos UV para disfrutar del sol mientras te proteges de las radiaciones solares nocivas. Ligero, transpirable y c\u00f3modo, esta braga de cuello para ni\u00f1os es la compa\u00f1era ideal para correr, montar en &hellip;<\/p>\n<p class=\"read-more\"> <a class=\"\" href=\"https:\/\/pangeatacticalandoutdoors.com\/index.php\/producto\/buff-coolnet-uv-kids\/\"> <span class=\"screen-reader-text\">BUFF-COOLNET UV KIDS<\/span> Leer m\u00e1s &raquo;<\/a><\/p>\n","protected":false},"featured_media":6493,"comment_status":"open","ping_status":"closed","template":"","meta":{"site-sidebar-layout":"default","site-content-layout":"default","ast-global-header-display":"","ast-main-header-display":"","ast-hfb-above-header-display":"","ast-hfb-below-header-display":"","ast-hfb-mobile-header-display":"","site-post-title":"","ast-breadcrumbs-content":"","ast-featured-img":"","footer-sml-layout":"","theme-transparent-header-meta":"default","adv-header-id-meta":"","stick-header-meta":"","header-above-stick-meta":"","header-main-stick-meta":"","header-below-stick-meta":""},"product_cat":[90,436],"product_tag":[],"class_list":["post-6484","product","type-product","status-publish","has-post-thumbnail","hentry","product_cat-accesorios","product_cat-bufanda-de-tubo-kids"],"jetpack_sharing_enabled":true,"_links":{"self":[{"href":"https:\/\/pangeatacticalandoutdoors.com\/index.php\/wp-json\/wp\/v2\/product\/6484","targetHints":{"allow":["GET"]}}],"collection":[{"href":"https:\/\/pangeatacticalandoutdoors.com\/index.php\/wp-json\/wp\/v2\/product"}],"about":[{"href":"https:\/\/pangeatacticalandoutdoors.com\/index.php\/wp-json\/wp\/v2\/types\/product"}],"replies":[{"embeddable":true,"href":"https:\/\/pangeatacticalandoutdoors.com\/index.php\/wp-json\/wp\/v2\/comments?post=6484"}],"wp:featuredmedia":[{"embeddable":true,"href":"https:\/\/pangeatacticalandoutdoors.com\/index.php\/wp-json\/wp\/v2\/media\/6493"}],"wp:attachment":[{"href":"https:\/\/pangeatacticalandoutdoors.com\/index.php\/wp-json\/wp\/v2\/media?parent=6484"}],"wp:term":[{"taxonomy":"product_cat","embeddable":true,"href":"https:\/\/pangeatacticalandoutdoors.com\/index.php\/wp-json\/wp\/v2\/product_cat?post=6484"},{"taxonomy":"product_tag","embeddable":true,"href":"https:\/\/pangeatacticalandoutdoors.com\/index.php\/wp-json\/wp\/v2\/product_tag?post=6484"}],"curies":[{"name":"wp","href":"https:\/\/api.w.org\/{rel}","templated":true}]}}