{"id":6475,"date":"2022-04-26T15:49:57","date_gmt":"2022-04-26T20:49:57","guid":{"rendered":"https:\/\/pangeatacticalandoutdoors.com\/?post_type=product&#038;p=6475"},"modified":"2022-12-12T18:36:01","modified_gmt":"2022-12-13T00:36:01","slug":"buff-trucker-cap-kids","status":"publish","type":"product","link":"https:\/\/pangeatacticalandoutdoors.com\/index.php\/producto\/buff-trucker-cap-kids\/","title":{"rendered":"BUFF-TRUCKER CAP KIDS"},"content":{"rendered":"<p><strong><span><span class=\"goog-text-highlight\">La gorra BUFF\u00ae Kids Trucker<\/span><\/span><\/strong><span><span class=\"goog-text-highlight\">\u00a0\u00a0es c\u00f3moda y pr\u00e1ctica, especialmente dise\u00f1ada para ni\u00f1os, adecuada tanto para deportes, actividades al aire libre como para uso diario en la ciudad cuando hace calor.\u00a0<\/span>La combinaci\u00f3n perfecta de protecci\u00f3n solar cl\u00e1sica, versatilidad y estilo individual.<\/span><\/p>\n<p><span>La marca BUFF\u00ae lleva muchos a\u00f1os produciendo tapones tan vers\u00e1tiles, que son muy populares en todo el mundo.\u00a0Las gorras BUFF\u00ae son accesorios de alta tecnolog\u00eda fabricados con los mejores materiales modernos y en una gama de colores de moda constantemente actualizada.<\/span><\/p>\n<p><span>La\u00a0<\/span><strong><span>serie BUFF\u00ae Trucker Cap<\/span><\/strong><span>\u00a0\u00a0es de cinco paneles con un panel frontal ancho y una parte posterior de malla.\u00a0Los dise\u00f1adores tomaron prestado el aspecto del modelo de los conductores estadounidenses de grandes camiones de los a\u00f1os 80 (&#8220;camionero&#8221; en ingl\u00e9s significa &#8220;camionero&#8221;).\u00a0La gorra cumple las siguientes funciones:<\/span><\/p>\n<ul>\n<li><strong><span>protege del polvo, el viento y el sol<\/span><\/strong><\/li>\n<li><span>gran \u00e1rea trasera de malla\u00a0<\/span><strong><span>proporciona una excelente ventilaci\u00f3n de la cabeza<\/span><\/strong><\/li>\n<li><span>la tira interior incorporada\u00a0<\/span><strong><span>absorbe el sudor y evita que entre en contacto con la cara<\/span><\/strong><\/li>\n<\/ul>\n<p><span>Este modelo de gorra est\u00e1 hecho en talla \u00fanica y\u00a0<\/span><strong><span>se adapta a la mayor\u00eda de los ni\u00f1os<\/span><\/strong><span>\u00a0con una circunferencia de la cabeza de 51 a 56 cm.<\/span><\/p>\n","protected":false},"excerpt":{"rendered":"<p>La gorra BUFF\u00ae Kids Trucker\u00a0\u00a0es c\u00f3moda y pr\u00e1ctica, especialmente dise\u00f1ada para ni\u00f1os, adecuada tanto para deportes, actividades al aire libre como para uso diario en la ciudad cuando hace calor.\u00a0La combinaci\u00f3n perfecta de protecci\u00f3n solar cl\u00e1sica, versatilidad y estilo individual. La marca BUFF\u00ae lleva muchos a\u00f1os produciendo tapones tan vers\u00e1tiles, que son muy populares en &hellip;<\/p>\n<p class=\"read-more\"> <a class=\"\" href=\"https:\/\/pangeatacticalandoutdoors.com\/index.php\/producto\/buff-trucker-cap-kids\/\"> <span class=\"screen-reader-text\">BUFF-TRUCKER CAP KIDS<\/span> Leer m\u00e1s &raquo;<\/a><\/p>\n","protected":false},"featured_media":6483,"comment_status":"open","ping_status":"closed","template":"","meta":{"site-sidebar-layout":"default","site-content-layout":"default","ast-global-header-display":"","ast-main-header-display":"","ast-hfb-above-header-display":"","ast-hfb-below-header-display":"","ast-hfb-mobile-header-display":"","site-post-title":"","ast-breadcrumbs-content":"","ast-featured-img":"","footer-sml-layout":"","theme-transparent-header-meta":"default","adv-header-id-meta":"","stick-header-meta":"","header-above-stick-meta":"","header-main-stick-meta":"","header-below-stick-meta":""},"product_cat":[90,435],"product_tag":[],"class_list":["post-6475","product","type-product","status-publish","has-post-thumbnail","hentry","product_cat-accesorios","product_cat-gorras-y-gorros-kids"],"jetpack_sharing_enabled":true,"_links":{"self":[{"href":"https:\/\/pangeatacticalandoutdoors.com\/index.php\/wp-json\/wp\/v2\/product\/6475","targetHints":{"allow":["GET"]}}],"collection":[{"href":"https:\/\/pangeatacticalandoutdoors.com\/index.php\/wp-json\/wp\/v2\/product"}],"about":[{"href":"https:\/\/pangeatacticalandoutdoors.com\/index.php\/wp-json\/wp\/v2\/types\/product"}],"replies":[{"embeddable":true,"href":"https:\/\/pangeatacticalandoutdoors.com\/index.php\/wp-json\/wp\/v2\/comments?post=6475"}],"wp:featuredmedia":[{"embeddable":true,"href":"https:\/\/pangeatacticalandoutdoors.com\/index.php\/wp-json\/wp\/v2\/media\/6483"}],"wp:attachment":[{"href":"https:\/\/pangeatacticalandoutdoors.com\/index.php\/wp-json\/wp\/v2\/media?parent=6475"}],"wp:term":[{"taxonomy":"product_cat","embeddable":true,"href":"https:\/\/pangeatacticalandoutdoors.com\/index.php\/wp-json\/wp\/v2\/product_cat?post=6475"},{"taxonomy":"product_tag","embeddable":true,"href":"https:\/\/pangeatacticalandoutdoors.com\/index.php\/wp-json\/wp\/v2\/product_tag?post=6475"}],"curies":[{"name":"wp","href":"https:\/\/api.w.org\/{rel}","templated":true}]}}