{"id":6347,"date":"2022-04-20T14:45:57","date_gmt":"2022-04-20T19:45:57","guid":{"rendered":"https:\/\/pangeatacticalandoutdoors.com\/?post_type=product&#038;p=6347"},"modified":"2022-07-18T17:51:48","modified_gmt":"2022-07-18T22:51:48","slug":"buff-summit-cap","status":"publish","type":"product","link":"https:\/\/pangeatacticalandoutdoors.com\/index.php\/producto\/buff-summit-cap\/","title":{"rendered":"BUFF-SUMMIT CAP"},"content":{"rendered":"<p><em><span class=\"\">La gorra Summit de BUFF fue dise\u00f1ada especialmente para los amantes de la naturaleza. <\/span>Esta gorra ofrece la m\u00e1xima comodidad y, gracias a los agujeros l\u00e1ser en la parte posterior, una buena transpirabilidad en caminatas soleadas, recorridos por la monta\u00f1a y caminatas f\u00e1ciles. El Summit Cap de BUFF es f\u00e1cil de estirar y es una alternativa elegante con su UPF 50+ a los sombreros de trekking de verano.<\/em><\/p>\n<h6>CARACTER\u00cdSTICAS:<\/h6>\n<ul>\n<li><span>Protecci\u00f3n solar certificada UPF50+ frente a la radiaci\u00f3n ultravioleta (UV) producida por el sol.\u00a0Muestras de tejidos probados para protecci\u00f3n UV de acuerdo con los est\u00e1ndares internacionales.<\/span><\/li>\n<li><span>Una banda el\u00e1stica detr\u00e1s de la cabeza que proporciona el ajuste perfecto para diferentes tama\u00f1os de cabeza<\/span><\/li>\n<li><span>Banda interior incorporada para absorber el sudor y el agua para mejorar la comodidad y garantizar una sensaci\u00f3n de sequedad<\/span><\/li>\n<li><span>Previene el sobrecalentamiento y mejora la comodidad al transferir el vapor de humedad lejos del cuerpo a trav\u00e9s de la tela<\/span><\/li>\n<li><span><span class=\"\">Hecho de tela el\u00e1stica para alta elasticidad y m\u00e1xima comodidad.<\/span><\/span><\/li>\n<li><span>UPF50+<\/span><\/li>\n<\/ul>\n","protected":false},"excerpt":{"rendered":"<p>La gorra Summit de BUFF fue dise\u00f1ada especialmente para los amantes de la naturaleza. Esta gorra ofrece la m\u00e1xima comodidad y, gracias a los agujeros l\u00e1ser en la parte posterior, una buena transpirabilidad en caminatas soleadas, recorridos por la monta\u00f1a y caminatas f\u00e1ciles. El Summit Cap de BUFF es f\u00e1cil de estirar y es una &hellip;<\/p>\n<p class=\"read-more\"> <a class=\"\" href=\"https:\/\/pangeatacticalandoutdoors.com\/index.php\/producto\/buff-summit-cap\/\"> <span class=\"screen-reader-text\">BUFF-SUMMIT CAP<\/span> Leer m\u00e1s &raquo;<\/a><\/p>\n","protected":false},"featured_media":6345,"comment_status":"open","ping_status":"closed","template":"","meta":{"site-sidebar-layout":"default","site-content-layout":"default","ast-global-header-display":"","ast-main-header-display":"","ast-hfb-above-header-display":"","ast-hfb-below-header-display":"","ast-hfb-mobile-header-display":"","site-post-title":"","ast-breadcrumbs-content":"","ast-featured-img":"","footer-sml-layout":"","theme-transparent-header-meta":"default","adv-header-id-meta":"","stick-header-meta":"","header-above-stick-meta":"","header-main-stick-meta":"","header-below-stick-meta":""},"product_cat":[90,134],"product_tag":[],"class_list":["post-6347","product","type-product","status-publish","has-post-thumbnail","hentry","product_cat-accesorios","product_cat-gorras"],"jetpack_sharing_enabled":true,"_links":{"self":[{"href":"https:\/\/pangeatacticalandoutdoors.com\/index.php\/wp-json\/wp\/v2\/product\/6347","targetHints":{"allow":["GET"]}}],"collection":[{"href":"https:\/\/pangeatacticalandoutdoors.com\/index.php\/wp-json\/wp\/v2\/product"}],"about":[{"href":"https:\/\/pangeatacticalandoutdoors.com\/index.php\/wp-json\/wp\/v2\/types\/product"}],"replies":[{"embeddable":true,"href":"https:\/\/pangeatacticalandoutdoors.com\/index.php\/wp-json\/wp\/v2\/comments?post=6347"}],"wp:featuredmedia":[{"embeddable":true,"href":"https:\/\/pangeatacticalandoutdoors.com\/index.php\/wp-json\/wp\/v2\/media\/6345"}],"wp:attachment":[{"href":"https:\/\/pangeatacticalandoutdoors.com\/index.php\/wp-json\/wp\/v2\/media?parent=6347"}],"wp:term":[{"taxonomy":"product_cat","embeddable":true,"href":"https:\/\/pangeatacticalandoutdoors.com\/index.php\/wp-json\/wp\/v2\/product_cat?post=6347"},{"taxonomy":"product_tag","embeddable":true,"href":"https:\/\/pangeatacticalandoutdoors.com\/index.php\/wp-json\/wp\/v2\/product_tag?post=6347"}],"curies":[{"name":"wp","href":"https:\/\/api.w.org\/{rel}","templated":true}]}}