{"id":6130,"date":"2022-04-06T13:26:29","date_gmt":"2022-04-06T18:26:29","guid":{"rendered":"https:\/\/pangeatacticalandoutdoors.com\/?post_type=product&#038;p=6130"},"modified":"2025-10-01T10:29:05","modified_gmt":"2025-10-01T16:29:05","slug":"tt-modular-hip-bag","status":"publish","type":"product","link":"https:\/\/pangeatacticalandoutdoors.com\/index.php\/producto\/tt-modular-hip-bag\/","title":{"rendered":"TT-MODULAR HIP BAG"},"content":{"rendered":"<div>\n<p><span>Ri\u00f1onera universal.\u00a0La ri\u00f1onera modular TT tiene un compartimento principal con velcro MOLLE, un peque\u00f1o bolsillo frontal y un bolsillo adicional con cremallera en el lateral.\u00a0La tapa tiene una tira MOLLE cortada con l\u00e1ser.\u00a0El cintur\u00f3n es extra\u00edble y los ganchos incorporados le permiten sujetar la bolsa a un cintur\u00f3n de equipo, por ejemplo.<\/span><\/p>\n<ul class=\"desc\">\n<li><span>Cintur\u00f3n lumbar desmontable y ajustable en longitud<\/span><\/li>\n<li><span>Tres compartimentos con cremallera<\/span><\/li>\n<li><span>Sistema MOLLE cortado con l\u00e1ser en la tapa<\/span><\/li>\n<li><span>La ri\u00f1onera se puede colgar sin cintur\u00f3n con ganchos en sistema MOLLE<\/span><\/li>\n<\/ul>\n<\/div>\n<ul class=\"uitabs\">\n<li class=\"active\">\n<h3><span>DETALLES<\/span><\/h3>\n<div>\n<table class=\"product-details\">\n<tbody>\n<tr>\n<th><span>Mediciones:<\/span><\/th>\n<td><span>28x14x7 cm<\/span><\/td>\n<\/tr>\n<tr>\n<th><span>Volumen:<\/span><\/th>\n<td><span>1.5L<\/span><\/td>\n<\/tr>\n<tr>\n<th><span>Peso:<\/span><\/th>\n<td><span>210 gramos<\/span><\/td>\n<\/tr>\n<tr>\n<th><span>Tela 1:<\/span><\/th>\n<td><span>CORDURA\u00ae 700 denier<\/span><\/td>\n<\/tr>\n<\/tbody>\n<\/table>\n<\/div>\n<\/li>\n<\/ul>\n","protected":false},"excerpt":{"rendered":"<p>Ri\u00f1onera universal.\u00a0La ri\u00f1onera modular TT tiene un compartimento principal con velcro MOLLE, un peque\u00f1o bolsillo frontal y un bolsillo adicional con cremallera en el lateral.\u00a0La tapa tiene una tira MOLLE cortada con l\u00e1ser.\u00a0El cintur\u00f3n es extra\u00edble y los ganchos incorporados le permiten sujetar la bolsa a un cintur\u00f3n de equipo, por ejemplo. Cintur\u00f3n lumbar desmontable &hellip;<\/p>\n<p class=\"read-more\"> <a class=\"\" href=\"https:\/\/pangeatacticalandoutdoors.com\/index.php\/producto\/tt-modular-hip-bag\/\"> <span class=\"screen-reader-text\">TT-MODULAR HIP BAG<\/span> Leer m\u00e1s &raquo;<\/a><\/p>\n","protected":false},"featured_media":6134,"comment_status":"open","ping_status":"closed","template":"","meta":{"site-sidebar-layout":"default","site-content-layout":"default","ast-global-header-display":"","ast-main-header-display":"","ast-hfb-above-header-display":"","ast-hfb-below-header-display":"","ast-hfb-mobile-header-display":"","site-post-title":"","ast-breadcrumbs-content":"","ast-featured-img":"","footer-sml-layout":"","theme-transparent-header-meta":"default","adv-header-id-meta":"","stick-header-meta":"","header-above-stick-meta":"","header-main-stick-meta":"","header-below-stick-meta":""},"product_cat":[90,144],"product_tag":[],"class_list":["post-6130","product","type-product","status-publish","has-post-thumbnail","hentry","product_cat-accesorios","product_cat-bolsas"],"jetpack_sharing_enabled":true,"_links":{"self":[{"href":"https:\/\/pangeatacticalandoutdoors.com\/index.php\/wp-json\/wp\/v2\/product\/6130","targetHints":{"allow":["GET"]}}],"collection":[{"href":"https:\/\/pangeatacticalandoutdoors.com\/index.php\/wp-json\/wp\/v2\/product"}],"about":[{"href":"https:\/\/pangeatacticalandoutdoors.com\/index.php\/wp-json\/wp\/v2\/types\/product"}],"replies":[{"embeddable":true,"href":"https:\/\/pangeatacticalandoutdoors.com\/index.php\/wp-json\/wp\/v2\/comments?post=6130"}],"wp:featuredmedia":[{"embeddable":true,"href":"https:\/\/pangeatacticalandoutdoors.com\/index.php\/wp-json\/wp\/v2\/media\/6134"}],"wp:attachment":[{"href":"https:\/\/pangeatacticalandoutdoors.com\/index.php\/wp-json\/wp\/v2\/media?parent=6130"}],"wp:term":[{"taxonomy":"product_cat","embeddable":true,"href":"https:\/\/pangeatacticalandoutdoors.com\/index.php\/wp-json\/wp\/v2\/product_cat?post=6130"},{"taxonomy":"product_tag","embeddable":true,"href":"https:\/\/pangeatacticalandoutdoors.com\/index.php\/wp-json\/wp\/v2\/product_tag?post=6130"}],"curies":[{"name":"wp","href":"https:\/\/api.w.org\/{rel}","templated":true}]}}