{"id":5890,"date":"2022-03-09T12:41:16","date_gmt":"2022-03-09T18:41:16","guid":{"rendered":"https:\/\/pangeatacticalandoutdoors.com\/?post_type=product&#038;p=5890"},"modified":"2022-09-09T18:12:31","modified_gmt":"2022-09-09T23:12:31","slug":"petzl-anneau-anillo-cosido-120cm","status":"publish","type":"product","link":"https:\/\/pangeatacticalandoutdoors.com\/index.php\/producto\/petzl-anneau-anillo-cosido-120cm\/","title":{"rendered":"PETZL-ANNEAU ANILLO COSIDO 120CM"},"content":{"rendered":"<h1 class=\"productTitle\">ANNEAU<\/h1>\n<div class=\"productCaracteristiquesPosition inlineblock\">\n<p class=\"productCaracteristiques inlineblock\">Anillo cosido de poli\u00e9ster para montar reuniones, anclajes o alargar un punto de anclaje.<\/p>\n<h6>CARACTER\u00cdSTICAS:<\/h6>\n<div class=\"list\">\n<ul>\n<li>Anillo cosido de poli\u00e9ster para montar reuniones, anclajes o prolongar un punto de anclaje.<\/li>\n<li>Disponible en cuatro longitudes:<br \/>\n&#8211; 60 cm, en amarillo.<br \/>\n&#8211; 80 cm, en azul.<br \/>\n&#8211; 120 cm, en verde.<br \/>\n&#8211; 150 cm, en rojo.<\/li>\n<\/ul>\n<\/div>\n<div class=\"list\">\n<ul>\n<li>Resistencia: 22 kN<\/li>\n<li>Materiales: poli\u00e9ster<\/li>\n<li>Certificaciones: CE, UIAA<\/li>\n<\/ul>\n<\/div>\n<\/div>\n","protected":false},"excerpt":{"rendered":"<p>ANNEAU Anillo cosido de poli\u00e9ster para montar reuniones, anclajes o alargar un punto de anclaje. CARACTER\u00cdSTICAS: Anillo cosido de poli\u00e9ster para montar reuniones, anclajes o prolongar un punto de anclaje. Disponible en cuatro longitudes: &#8211; 60 cm, en amarillo. &#8211; 80 cm, en azul. &#8211; 120 cm, en verde. &#8211; 150 cm, en rojo. Resistencia: &hellip;<\/p>\n<p class=\"read-more\"> <a class=\"\" href=\"https:\/\/pangeatacticalandoutdoors.com\/index.php\/producto\/petzl-anneau-anillo-cosido-120cm\/\"> <span class=\"screen-reader-text\">PETZL-ANNEAU ANILLO COSIDO 120CM<\/span> Leer m\u00e1s &raquo;<\/a><\/p>\n","protected":false},"featured_media":5248,"comment_status":"open","ping_status":"closed","template":"","meta":{"site-sidebar-layout":"default","site-content-layout":"default","ast-global-header-display":"","ast-main-header-display":"","ast-hfb-above-header-display":"","ast-hfb-below-header-display":"","ast-hfb-mobile-header-display":"","site-post-title":"","ast-breadcrumbs-content":"","ast-featured-img":"","footer-sml-layout":"","theme-transparent-header-meta":"default","adv-header-id-meta":"","stick-header-meta":"","header-above-stick-meta":"","header-main-stick-meta":"","header-below-stick-meta":""},"product_cat":[360,88],"product_tag":[],"class_list":["post-5890","product","type-product","status-publish","has-post-thumbnail","hentry","product_cat-anillos","product_cat-campismo"],"jetpack_sharing_enabled":true,"_links":{"self":[{"href":"https:\/\/pangeatacticalandoutdoors.com\/index.php\/wp-json\/wp\/v2\/product\/5890","targetHints":{"allow":["GET"]}}],"collection":[{"href":"https:\/\/pangeatacticalandoutdoors.com\/index.php\/wp-json\/wp\/v2\/product"}],"about":[{"href":"https:\/\/pangeatacticalandoutdoors.com\/index.php\/wp-json\/wp\/v2\/types\/product"}],"replies":[{"embeddable":true,"href":"https:\/\/pangeatacticalandoutdoors.com\/index.php\/wp-json\/wp\/v2\/comments?post=5890"}],"wp:featuredmedia":[{"embeddable":true,"href":"https:\/\/pangeatacticalandoutdoors.com\/index.php\/wp-json\/wp\/v2\/media\/5248"}],"wp:attachment":[{"href":"https:\/\/pangeatacticalandoutdoors.com\/index.php\/wp-json\/wp\/v2\/media?parent=5890"}],"wp:term":[{"taxonomy":"product_cat","embeddable":true,"href":"https:\/\/pangeatacticalandoutdoors.com\/index.php\/wp-json\/wp\/v2\/product_cat?post=5890"},{"taxonomy":"product_tag","embeddable":true,"href":"https:\/\/pangeatacticalandoutdoors.com\/index.php\/wp-json\/wp\/v2\/product_tag?post=5890"}],"curies":[{"name":"wp","href":"https:\/\/api.w.org\/{rel}","templated":true}]}}