{"id":5838,"date":"2022-02-26T12:36:26","date_gmt":"2022-02-26T18:36:26","guid":{"rendered":"https:\/\/pangeatacticalandoutdoors.com\/?post_type=product&#038;p=5838"},"modified":"2023-01-19T16:02:47","modified_gmt":"2023-01-19T22:02:47","slug":"bd-guantes-midweight-softshell-smoke-t","status":"publish","type":"product","link":"https:\/\/pangeatacticalandoutdoors.com\/index.php\/producto\/bd-guantes-midweight-softshell-smoke-t\/","title":{"rendered":"BD-GUANTES MIDWEIGHT SOFTSHELL SMOKE T."},"content":{"rendered":"<p>Confeccionados con un tejido softshell duradero, el\u00e1stico y resistente a la intemperie para actividades de alto rendimiento en condiciones templadas, los guantes Black Diamond MidWeight Softshell ofrecen una protecci\u00f3n din\u00e1mica y transpirable durante el esqu\u00ed de traves\u00eda, la escalada o el senderismo.\u00a0Las palmas y los dedos de cuero de cabra completo ofrecen un agarre seguro en postes o herramientas y cuentan con material digital en los dedos pulgares e \u00edndices que permiten la funcionalidad de pantalla t\u00e1ctil con guantes.\u00a0Los c\u00f3modos pu\u00f1os de neopreno forrados con vell\u00f3n sellan los elementos y facilitan pon\u00e9rselos y quit\u00e1rselos.<\/p>\n<h6>CARACTER\u00cdSTICAS:<\/h6>\n<ul>\n<li>Tejido softshell el\u00e1stico en cuatro direcciones con tratamiento DWR<\/li>\n<li>El pulgar y el dedo \u00edndice digitales permiten el uso de pantalla t\u00e1ctil con guantes<\/li>\n<li>Palma de piel de cabra completa<\/li>\n<li>60 g de aislamiento PrimaLoft\u00ae Gold en el dorso de la mano<\/li>\n<li>Pu\u00f1o de neopreno y vell\u00f3n<\/li>\n<li>logotipo reflectante<\/li>\n<li class=\"tech-spec-item\" data-v-2c25d169=\"\"><span class=\"tech-spec-label\" data-v-2c25d169=\"\">Rango De Temperatura<\/span><span class=\"tech-spec-value\" data-v-2c25d169=\"\">-2\/6 \u00baC (28\/42 \u00baF)<\/span><\/li>\n<li class=\"tech-spec-item\" data-v-2c25d169=\"\"><span class=\"tech-spec-label\" data-v-2c25d169=\"\">Peso Por Par<\/span><span class=\"tech-spec-value\" data-v-2c25d169=\"\">92 g (3,3 onzas)<\/span><\/li>\n<\/ul>\n","protected":false},"excerpt":{"rendered":"<p>Confeccionados con un tejido softshell duradero, el\u00e1stico y resistente a la intemperie para actividades de alto rendimiento en condiciones templadas, los guantes Black Diamond MidWeight Softshell ofrecen una protecci\u00f3n din\u00e1mica y transpirable durante el esqu\u00ed de traves\u00eda, la escalada o el senderismo.\u00a0Las palmas y los dedos de cuero de cabra completo ofrecen un agarre seguro &hellip;<\/p>\n<p class=\"read-more\"> <a class=\"\" href=\"https:\/\/pangeatacticalandoutdoors.com\/index.php\/producto\/bd-guantes-midweight-softshell-smoke-t\/\"> <span class=\"screen-reader-text\">BD-GUANTES MIDWEIGHT SOFTSHELL SMOKE T.<\/span> Leer m\u00e1s &raquo;<\/a><\/p>\n","protected":false},"featured_media":5839,"comment_status":"open","ping_status":"closed","template":"","meta":{"site-sidebar-layout":"default","site-content-layout":"default","ast-global-header-display":"","ast-main-header-display":"","ast-hfb-above-header-display":"","ast-hfb-below-header-display":"","ast-hfb-mobile-header-display":"","site-post-title":"","ast-breadcrumbs-content":"","ast-featured-img":"","footer-sml-layout":"","theme-transparent-header-meta":"default","adv-header-id-meta":"","stick-header-meta":"","header-above-stick-meta":"","header-main-stick-meta":"","header-below-stick-meta":""},"product_cat":[143,88],"product_tag":[],"class_list":["post-5838","product","type-product","status-publish","has-post-thumbnail","hentry","product_cat-guantes","product_cat-campismo"],"jetpack_sharing_enabled":true,"_links":{"self":[{"href":"https:\/\/pangeatacticalandoutdoors.com\/index.php\/wp-json\/wp\/v2\/product\/5838","targetHints":{"allow":["GET"]}}],"collection":[{"href":"https:\/\/pangeatacticalandoutdoors.com\/index.php\/wp-json\/wp\/v2\/product"}],"about":[{"href":"https:\/\/pangeatacticalandoutdoors.com\/index.php\/wp-json\/wp\/v2\/types\/product"}],"replies":[{"embeddable":true,"href":"https:\/\/pangeatacticalandoutdoors.com\/index.php\/wp-json\/wp\/v2\/comments?post=5838"}],"wp:featuredmedia":[{"embeddable":true,"href":"https:\/\/pangeatacticalandoutdoors.com\/index.php\/wp-json\/wp\/v2\/media\/5839"}],"wp:attachment":[{"href":"https:\/\/pangeatacticalandoutdoors.com\/index.php\/wp-json\/wp\/v2\/media?parent=5838"}],"wp:term":[{"taxonomy":"product_cat","embeddable":true,"href":"https:\/\/pangeatacticalandoutdoors.com\/index.php\/wp-json\/wp\/v2\/product_cat?post=5838"},{"taxonomy":"product_tag","embeddable":true,"href":"https:\/\/pangeatacticalandoutdoors.com\/index.php\/wp-json\/wp\/v2\/product_tag?post=5838"}],"curies":[{"name":"wp","href":"https:\/\/api.w.org\/{rel}","templated":true}]}}