{"id":5671,"date":"2022-02-11T13:21:29","date_gmt":"2022-02-11T19:21:29","guid":{"rendered":"https:\/\/pangeatacticalandoutdoors.com\/?post_type=product&#038;p=5671"},"modified":"2026-03-09T12:16:42","modified_gmt":"2026-03-09T18:16:42","slug":"maja-short-outdoor-signature","status":"publish","type":"product","link":"https:\/\/pangeatacticalandoutdoors.com\/index.php\/producto\/maja-short-outdoor-signature\/","title":{"rendered":"MAJA-SHORT OUTDOOR SIGNATURE"},"content":{"rendered":"<ul class=\"a-unordered-list a-vertical a-spacing-mini\">\n<li><span class=\"a-list-item\">Cierre de Bot\u00f3n<\/span><\/li>\n<li><span class=\"a-list-item\">Tela con estiramiento en cuatro v\u00edas<\/span><\/li>\n<li><span class=\"a-list-item\">Protecci\u00f3n impermeable<\/span><\/li>\n<li><span class=\"a-list-item\">Este pantal\u00f3n corto cl\u00e1sico es lo suficientemente vers\u00e1til para el fin de semana, vacaciones o cualquier d\u00eda.<\/span><\/li>\n<li><span class=\"a-list-item\">Estilo cotidiano mejorado: escuchamos los comentarios de los clientes y ajustamos cada detalle para garantizar la calidad, el ajuste y la comodidad.<\/span><\/li>\n<\/ul>\n","protected":false},"excerpt":{"rendered":"<p>Cierre de Bot\u00f3n Tela con estiramiento en cuatro v\u00edas Protecci\u00f3n impermeable Este pantal\u00f3n corto cl\u00e1sico es lo suficientemente vers\u00e1til para el fin de semana, vacaciones o cualquier d\u00eda. Estilo cotidiano mejorado: escuchamos los comentarios de los clientes y ajustamos cada detalle para garantizar la calidad, el ajuste y la comodidad.<\/p>\n","protected":false},"featured_media":5689,"comment_status":"open","ping_status":"closed","template":"","meta":{"site-sidebar-layout":"default","site-content-layout":"default","ast-global-header-display":"","ast-main-header-display":"","ast-hfb-above-header-display":"","ast-hfb-below-header-display":"","ast-hfb-mobile-header-display":"","site-post-title":"","ast-breadcrumbs-content":"","ast-featured-img":"","footer-sml-layout":"","theme-transparent-header-meta":"default","adv-header-id-meta":"","stick-header-meta":"","header-above-stick-meta":"","header-main-stick-meta":"","header-below-stick-meta":""},"product_cat":[88,291],"product_tag":[],"class_list":["post-5671","product","type-product","status-publish","has-post-thumbnail","hentry","product_cat-campismo","product_cat-short"],"jetpack_sharing_enabled":true,"_links":{"self":[{"href":"https:\/\/pangeatacticalandoutdoors.com\/index.php\/wp-json\/wp\/v2\/product\/5671","targetHints":{"allow":["GET"]}}],"collection":[{"href":"https:\/\/pangeatacticalandoutdoors.com\/index.php\/wp-json\/wp\/v2\/product"}],"about":[{"href":"https:\/\/pangeatacticalandoutdoors.com\/index.php\/wp-json\/wp\/v2\/types\/product"}],"replies":[{"embeddable":true,"href":"https:\/\/pangeatacticalandoutdoors.com\/index.php\/wp-json\/wp\/v2\/comments?post=5671"}],"wp:featuredmedia":[{"embeddable":true,"href":"https:\/\/pangeatacticalandoutdoors.com\/index.php\/wp-json\/wp\/v2\/media\/5689"}],"wp:attachment":[{"href":"https:\/\/pangeatacticalandoutdoors.com\/index.php\/wp-json\/wp\/v2\/media?parent=5671"}],"wp:term":[{"taxonomy":"product_cat","embeddable":true,"href":"https:\/\/pangeatacticalandoutdoors.com\/index.php\/wp-json\/wp\/v2\/product_cat?post=5671"},{"taxonomy":"product_tag","embeddable":true,"href":"https:\/\/pangeatacticalandoutdoors.com\/index.php\/wp-json\/wp\/v2\/product_tag?post=5671"}],"curies":[{"name":"wp","href":"https:\/\/api.w.org\/{rel}","templated":true}]}}