{"id":5647,"date":"2022-02-08T14:16:14","date_gmt":"2022-02-08T20:16:14","guid":{"rendered":"https:\/\/pangeatacticalandoutdoors.com\/?post_type=product&#038;p=5647"},"modified":"2026-03-09T11:43:11","modified_gmt":"2026-03-09T17:43:11","slug":"maja-traje-de-bano-pacifico","status":"publish","type":"product","link":"https:\/\/pangeatacticalandoutdoors.com\/index.php\/producto\/maja-traje-de-bano-pacifico\/","title":{"rendered":"MAJA-TRAJE DE BA\u00d1O PAC\u00cdFICO"},"content":{"rendered":"<p><em>Luce\u00a0 un\u00a0look\u00a0incre\u00edble cuando vayas a la playa o a una piscina con este<strong>\u00a0traje de ba\u00f1o Maja Sportswear<\/strong>\u00a0lo puedes lograr. \u00a1Robar\u00e1s las miradas de todas las personas!<\/em><\/p>\n<p><em>Se trata de un ba\u00f1ador tipo short, cuenta con<strong>\u00a0ajuste de el\u00e1stico<\/strong>\u00a0y un\u00a0<strong>cord\u00f3n al frente negr<\/strong>o, asimismo tiene\u00a0<strong>una bolsa<\/strong>\u00a0en la parte d<strong>e atr\u00e1s<\/strong>\u00a0y a los<strong>\u00a0lados.<\/strong>\u00a0Adem\u00e1s, dentro de sus bondades integra\u00a0<strong>protecci\u00f3n UV<\/strong>,\u00a0<strong>repelente\u00a0<\/strong>al\u00a0<strong>agua<\/strong>, tela con estiramiento en cuatro v\u00edas y\u00a0<strong>secado r\u00e1pido<\/strong>. Esta confeccionado en\u00a0<strong>100 % poli\u00e9ster.<\/strong><\/em><\/p>\n<h6>CARACTER\u00cdSTICAS:<\/h6>\n<ul class=\"a-unordered-list a-vertical a-spacing-mini\">\n<li><span class=\"a-list-item\">Tecnolog\u00eda: Protecci\u00f3n UV, Repelente al Agua y Secado R\u00e1pido.<\/span><\/li>\n<li><span class=\"a-list-item\">Comodidad: Traje de ba\u00f1o con tela con estiramiento en cuatro v\u00edas, para que la puedas usar en la playa o la alberca.<\/span><\/li>\n<li><span class=\"a-list-item\">Caracter\u00edsticas: Ba\u00f1ador con Cierre de Cordones, Bolsas delanteras y traseras.<\/span><\/li>\n<li><span class=\"a-list-item\">Materiales: Ba\u00f1ador para hombre hecho de poli\u00e9ster, suave y c\u00f3modo, con tecnolog\u00eda de Secado R\u00e1pido.<\/span><\/li>\n<\/ul>\n","protected":false},"excerpt":{"rendered":"<p>Luce\u00a0 un\u00a0look\u00a0incre\u00edble cuando vayas a la playa o a una piscina con este\u00a0traje de ba\u00f1o Maja Sportswear\u00a0lo puedes lograr. \u00a1Robar\u00e1s las miradas de todas las personas! Se trata de un ba\u00f1ador tipo short, cuenta con\u00a0ajuste de el\u00e1stico\u00a0y un\u00a0cord\u00f3n al frente negro, asimismo tiene\u00a0una bolsa\u00a0en la parte de atr\u00e1s\u00a0y a los\u00a0lados.\u00a0Adem\u00e1s, dentro de sus bondades integra\u00a0protecci\u00f3n &hellip;<\/p>\n<p class=\"read-more\"> <a class=\"\" href=\"https:\/\/pangeatacticalandoutdoors.com\/index.php\/producto\/maja-traje-de-bano-pacifico\/\"> <span class=\"screen-reader-text\">MAJA-TRAJE DE BA\u00d1O PAC\u00cdFICO<\/span> Leer m\u00e1s &raquo;<\/a><\/p>\n","protected":false},"featured_media":5650,"comment_status":"open","ping_status":"closed","template":"","meta":{"site-sidebar-layout":"default","site-content-layout":"default","ast-global-header-display":"","ast-main-header-display":"","ast-hfb-above-header-display":"","ast-hfb-below-header-display":"","ast-hfb-mobile-header-display":"","site-post-title":"","ast-breadcrumbs-content":"","ast-featured-img":"","footer-sml-layout":"","theme-transparent-header-meta":"default","adv-header-id-meta":"","stick-header-meta":"","header-above-stick-meta":"","header-main-stick-meta":"","header-below-stick-meta":""},"product_cat":[88,372],"product_tag":[],"class_list":["post-5647","product","type-product","status-publish","has-post-thumbnail","hentry","product_cat-campismo","product_cat-trajes-de-bano"],"jetpack_sharing_enabled":true,"_links":{"self":[{"href":"https:\/\/pangeatacticalandoutdoors.com\/index.php\/wp-json\/wp\/v2\/product\/5647","targetHints":{"allow":["GET"]}}],"collection":[{"href":"https:\/\/pangeatacticalandoutdoors.com\/index.php\/wp-json\/wp\/v2\/product"}],"about":[{"href":"https:\/\/pangeatacticalandoutdoors.com\/index.php\/wp-json\/wp\/v2\/types\/product"}],"replies":[{"embeddable":true,"href":"https:\/\/pangeatacticalandoutdoors.com\/index.php\/wp-json\/wp\/v2\/comments?post=5647"}],"wp:featuredmedia":[{"embeddable":true,"href":"https:\/\/pangeatacticalandoutdoors.com\/index.php\/wp-json\/wp\/v2\/media\/5650"}],"wp:attachment":[{"href":"https:\/\/pangeatacticalandoutdoors.com\/index.php\/wp-json\/wp\/v2\/media?parent=5647"}],"wp:term":[{"taxonomy":"product_cat","embeddable":true,"href":"https:\/\/pangeatacticalandoutdoors.com\/index.php\/wp-json\/wp\/v2\/product_cat?post=5647"},{"taxonomy":"product_tag","embeddable":true,"href":"https:\/\/pangeatacticalandoutdoors.com\/index.php\/wp-json\/wp\/v2\/product_tag?post=5647"}],"curies":[{"name":"wp","href":"https:\/\/api.w.org\/{rel}","templated":true}]}}