{"id":5395,"date":"2022-01-14T14:45:09","date_gmt":"2022-01-14T20:45:09","guid":{"rendered":"https:\/\/pangeatacticalandoutdoors.com\/?post_type=product&#038;p=5395"},"modified":"2023-02-08T11:35:19","modified_gmt":"2023-02-08T17:35:19","slug":"petzl-vulcan-mosqueton-de-acero-con-seguro-de-rosca","status":"publish","type":"product","link":"https:\/\/pangeatacticalandoutdoors.com\/index.php\/producto\/petzl-vulcan-mosqueton-de-acero-con-seguro-de-rosca\/","title":{"rendered":"PETZL-VULCAN MOSQUET\u00d3N DE ACERO CON SEGURO DE ROSCA"},"content":{"rendered":"<h1 class=\"productTitle\">VULCAN<\/h1>\n<p class=\"productSubtitle\"><em>Mosquet\u00f3n asim\u00e9trico de alta resistencia y gran capacidad<\/em><\/p>\n<div class=\"productCaracteristiquesPosition inlineblock\">\n<p class=\"productCaracteristiques inlineblock\"><em>El VULCAN es un mosquet\u00f3n de alta resistencia, de acero, que permite realizar anclajes. El mosquet\u00f3n VULCAN est\u00e1 disponible en dos sistemas de bloqueo de seguridad: sistema autom\u00e1tico TRIACT-LOCK y sistema manual SCREW-LOCK. El VULCAN TRIACT-LOCK est\u00e1 disponible en versiones europea e internacional. El VULCAN se puede combinar con la barra CAPTIV para favorecer la solicitaci\u00f3n del mosquet\u00f3n seg\u00fan el eje mayor, limitar el riesgo de volteo y solidarizarlo con el aparato.<\/em><\/p>\n<h6>CARACTER\u00cdSTICAS:<\/h6>\n<div class=\"list\">\n<ul>\n<li>Mosquet\u00f3n de alta resistencia, de acero, adecuado para realizar anclajes m\u00faltiples.<\/li>\n<li>Facilita las manipulaciones:<br \/>\n&#8211; Dise\u00f1o interior fluido que limita el riesgo de punto estable y facilita la rotaci\u00f3n del mosquet\u00f3n.<br \/>\n&#8211; Sistema Keylock para evitar cualquier enganche involuntario del mosquet\u00f3n.<br \/>\n&#8211; Se puede combinar con la barra CAPTIV para favorecer la solicitaci\u00f3n del mosquet\u00f3n seg\u00fan el eje mayor, solidarizarlo con el aparato y limitar el riesgo de volteo.<\/li>\n<li>Perfil en H:<br \/>\n&#8211; Asegura una relaci\u00f3n resistencia\/ligereza \u00f3ptima.<br \/>\n&#8211; Protege los marcados de la abrasi\u00f3n.<\/li>\n<li>Disponible en dos versiones de sistema de bloqueo de seguridad:<br \/>\n&#8211; TRIACT-LOCK: bloqueo autom\u00e1tico con apertura de triple acci\u00f3n.<br \/>\n&#8211; SCREW-LOCK: bloqueo manual a rosca con indicador rojo visible cuando el mosquet\u00f3n no est\u00e1 bloqueado.<\/li>\n<li>Disponible en versiones europea e internacional.<\/li>\n<li>Disponible tambi\u00e9n en versi\u00f3n color negro.<\/li>\n<li>Materiales: acero<\/li>\n<\/ul>\n<\/div>\n<div class=\"list\"><\/div>\n<\/div>\n","protected":false},"excerpt":{"rendered":"<p>VULCAN Mosquet\u00f3n asim\u00e9trico de alta resistencia y gran capacidad El VULCAN es un mosquet\u00f3n de alta resistencia, de acero, que permite realizar anclajes. El mosquet\u00f3n VULCAN est\u00e1 disponible en dos sistemas de bloqueo de seguridad: sistema autom\u00e1tico TRIACT-LOCK y sistema manual SCREW-LOCK. El VULCAN TRIACT-LOCK est\u00e1 disponible en versiones europea e internacional. El VULCAN se &hellip;<\/p>\n<p class=\"read-more\"> <a class=\"\" href=\"https:\/\/pangeatacticalandoutdoors.com\/index.php\/producto\/petzl-vulcan-mosqueton-de-acero-con-seguro-de-rosca\/\"> <span class=\"screen-reader-text\">PETZL-VULCAN MOSQUET\u00d3N DE ACERO CON SEGURO DE ROSCA<\/span> Leer m\u00e1s &raquo;<\/a><\/p>\n","protected":false},"featured_media":5290,"comment_status":"open","ping_status":"closed","template":"","meta":{"site-sidebar-layout":"default","site-content-layout":"default","ast-global-header-display":"","ast-main-header-display":"","ast-hfb-above-header-display":"","ast-hfb-below-header-display":"","ast-hfb-mobile-header-display":"","site-post-title":"","ast-breadcrumbs-content":"","ast-featured-img":"","footer-sml-layout":"","theme-transparent-header-meta":"default","adv-header-id-meta":"","stick-header-meta":"","header-above-stick-meta":"","header-main-stick-meta":"","header-below-stick-meta":""},"product_cat":[172,88],"product_tag":[],"class_list":["post-5395","product","type-product","status-publish","has-post-thumbnail","hentry","product_cat-mosquetones","product_cat-campismo"],"jetpack_sharing_enabled":true,"_links":{"self":[{"href":"https:\/\/pangeatacticalandoutdoors.com\/index.php\/wp-json\/wp\/v2\/product\/5395","targetHints":{"allow":["GET"]}}],"collection":[{"href":"https:\/\/pangeatacticalandoutdoors.com\/index.php\/wp-json\/wp\/v2\/product"}],"about":[{"href":"https:\/\/pangeatacticalandoutdoors.com\/index.php\/wp-json\/wp\/v2\/types\/product"}],"replies":[{"embeddable":true,"href":"https:\/\/pangeatacticalandoutdoors.com\/index.php\/wp-json\/wp\/v2\/comments?post=5395"}],"wp:featuredmedia":[{"embeddable":true,"href":"https:\/\/pangeatacticalandoutdoors.com\/index.php\/wp-json\/wp\/v2\/media\/5290"}],"wp:attachment":[{"href":"https:\/\/pangeatacticalandoutdoors.com\/index.php\/wp-json\/wp\/v2\/media?parent=5395"}],"wp:term":[{"taxonomy":"product_cat","embeddable":true,"href":"https:\/\/pangeatacticalandoutdoors.com\/index.php\/wp-json\/wp\/v2\/product_cat?post=5395"},{"taxonomy":"product_tag","embeddable":true,"href":"https:\/\/pangeatacticalandoutdoors.com\/index.php\/wp-json\/wp\/v2\/product_tag?post=5395"}],"curies":[{"name":"wp","href":"https:\/\/api.w.org\/{rel}","templated":true}]}}