{"id":5372,"date":"2022-01-13T14:09:34","date_gmt":"2022-01-13T20:09:34","guid":{"rendered":"https:\/\/pangeatacticalandoutdoors.com\/?post_type=product&#038;p=5372"},"modified":"2026-02-16T12:23:22","modified_gmt":"2026-02-16T18:23:22","slug":"petzl-william-screw-lock","status":"publish","type":"product","link":"https:\/\/pangeatacticalandoutdoors.com\/index.php\/producto\/petzl-william-screw-lock\/","title":{"rendered":"PETZL-WILLIAM SCREW LOCK"},"content":{"rendered":"<p><em>Un mosquet\u00f3n de gran tama\u00f1o puede sernos de gran utilidad en numerosas situaciones. La medida y la forma de este mosquet\u00f3n son adecuadas para fijar varias cuerdas y cintas, organizar la reuni\u00f3n o descender en r\u00e1pel con un nudo din\u00e1mico con una o dos cuerdas<\/em><\/p>\n<h6>CARACTER\u00cdSTICAS:<\/h6>\n<ul>\n<li>La forma de pera facilita el aseguramiento con el nudo din\u00e1mico con una o dos cuerdas.<\/li>\n<li>La forma ancha y la gran abertura facilitan el anclaje de varias cuerdas, cintas o aparatos.<\/li>\n<li>Sistema Keylock.<\/li>\n<li>Disponible con bloqueo manual (screw-lock) o autom\u00e1tico (ball-lock, triact-lock).<\/li>\n<li>Materiales : aluminio serie 7000.<\/li>\n<li>Certificaciones : CE EN 362,<\/li>\n<li>CE EN 12275, tipos B, H (SL), tipos K, B, H (BL y TL)<\/li>\n<li>UIAA 121 (so\u0301lo SL, BL)<\/li>\n<li>Peso: 88 g<\/li>\n<li>Sistema de bloqueo: SCREW-LOCK<\/li>\n<li>Resistencia eje mayor: 25 kN<\/li>\n<li>Resistencia gatillo abierto: 7 kN<\/li>\n<li>Resistencia eje menor: 7 kN<\/li>\n<li>Abertura: 25 mm<\/li>\n<\/ul>\n","protected":false},"excerpt":{"rendered":"<p>Un mosquet\u00f3n de gran tama\u00f1o puede sernos de gran utilidad en numerosas situaciones. La medida y la forma de este mosquet\u00f3n son adecuadas para fijar varias cuerdas y cintas, organizar la reuni\u00f3n o descender en r\u00e1pel con un nudo din\u00e1mico con una o dos cuerdas CARACTER\u00cdSTICAS: La forma de pera facilita el aseguramiento con el &hellip;<\/p>\n<p class=\"read-more\"> <a class=\"\" href=\"https:\/\/pangeatacticalandoutdoors.com\/index.php\/producto\/petzl-william-screw-lock\/\"> <span class=\"screen-reader-text\">PETZL-WILLIAM SCREW LOCK<\/span> Leer m\u00e1s &raquo;<\/a><\/p>\n","protected":false},"featured_media":5291,"comment_status":"open","ping_status":"closed","template":"","meta":{"site-sidebar-layout":"default","site-content-layout":"default","ast-global-header-display":"","ast-main-header-display":"","ast-hfb-above-header-display":"","ast-hfb-below-header-display":"","ast-hfb-mobile-header-display":"","site-post-title":"","ast-breadcrumbs-content":"","ast-featured-img":"","footer-sml-layout":"","theme-transparent-header-meta":"default","adv-header-id-meta":"","stick-header-meta":"","header-above-stick-meta":"","header-main-stick-meta":"","header-below-stick-meta":""},"product_cat":[172,88],"product_tag":[],"class_list":["post-5372","product","type-product","status-publish","has-post-thumbnail","hentry","product_cat-mosquetones","product_cat-campismo"],"jetpack_sharing_enabled":true,"_links":{"self":[{"href":"https:\/\/pangeatacticalandoutdoors.com\/index.php\/wp-json\/wp\/v2\/product\/5372","targetHints":{"allow":["GET"]}}],"collection":[{"href":"https:\/\/pangeatacticalandoutdoors.com\/index.php\/wp-json\/wp\/v2\/product"}],"about":[{"href":"https:\/\/pangeatacticalandoutdoors.com\/index.php\/wp-json\/wp\/v2\/types\/product"}],"replies":[{"embeddable":true,"href":"https:\/\/pangeatacticalandoutdoors.com\/index.php\/wp-json\/wp\/v2\/comments?post=5372"}],"wp:featuredmedia":[{"embeddable":true,"href":"https:\/\/pangeatacticalandoutdoors.com\/index.php\/wp-json\/wp\/v2\/media\/5291"}],"wp:attachment":[{"href":"https:\/\/pangeatacticalandoutdoors.com\/index.php\/wp-json\/wp\/v2\/media?parent=5372"}],"wp:term":[{"taxonomy":"product_cat","embeddable":true,"href":"https:\/\/pangeatacticalandoutdoors.com\/index.php\/wp-json\/wp\/v2\/product_cat?post=5372"},{"taxonomy":"product_tag","embeddable":true,"href":"https:\/\/pangeatacticalandoutdoors.com\/index.php\/wp-json\/wp\/v2\/product_tag?post=5372"}],"curies":[{"name":"wp","href":"https:\/\/api.w.org\/{rel}","templated":true}]}}