{"id":5153,"date":"2021-12-27T16:03:31","date_gmt":"2021-12-27T22:03:31","guid":{"rendered":"https:\/\/pangeatacticalandoutdoors.com\/?post_type=product&#038;p=5153"},"modified":"2022-12-28T13:02:35","modified_gmt":"2022-12-28T19:02:35","slug":"ap-tapon-auditivo-as-026cc","status":"publish","type":"product","link":"https:\/\/pangeatacticalandoutdoors.com\/index.php\/producto\/ap-tapon-auditivo-as-026cc\/","title":{"rendered":"AP-TAP\u00d3N AUDITIVO AS-026CC"},"content":{"rendered":"<p><em>Tap\u00f3n reusable con cord\u00f3n trenzado para mayor comodidad, presentaci\u00f3n individual en bolsa con cierre para su mejor resguardo; suave y de buen ajuste al contacto con el canal auditivo, provee un sello herm\u00e9tico.<\/em><\/p>\n<h6>CARACTER\u00cdSTICAS:<\/h6>\n<p>\u2022 Tapones auditivos fabricados de silicona hipoalerg\u00e9nica<br \/>\n\u2022 Su dise\u00f1o permite un sellado herm\u00e9tico, y por su forma puede utilizarse en periodos largos de tiempo<br \/>\n\u2022 Protecci\u00f3n NRR 26 dB<br \/>\n\u2022 Cord\u00f3n de tela alta durabilidad<br \/>\n\u2022 Reusable<br \/>\n\u2022 Color alta visibilidad<\/p>\n<p><strong>USO:<\/strong><br \/>\nEn espacios con altos niveles de ruido, como aeropuertos, fabricas, construcciones, cuartos de m\u00e1quinas, etc.<\/p>\n<p><strong>MANTENIMIENTO Y CUIDADOS:<\/strong><br \/>\nTodo equipo de seguridad debe de ser seleccionado e inspeccionado por un profesional antes de su uso para descartar cualquier defecto de fabricaci\u00f3n. Visualmente el equipo no debe de presentar fallas (grietas, deshilados, deformaciones, desgarres o mal ensamble). Se recomienda verificar el producto peri\u00f3dicamente para verificar su estado, se puede lavar con agua tibia y jab\u00f3n neutro y\/o soluci\u00f3n de hipoclorito de sodio al 1%.<\/p>\n<p><strong>DIMENSIONES:<\/strong><br \/>\nTap\u00f3n: 2.6 cm x 1.5 cm (3er Pliegue)<br \/>\nCord\u00f3n: 65 cm<br \/>\nPeso: 3 gr.<\/p>\n<p><strong>NORMAS:<\/strong><br \/>\nANSI S319, ANSI S12 16, CE 0194,<br \/>\nEN 352-2, NOM<\/p>\n","protected":false},"excerpt":{"rendered":"<p>Tap\u00f3n reusable con cord\u00f3n trenzado para mayor comodidad, presentaci\u00f3n individual en bolsa con cierre para su mejor resguardo; suave y de buen ajuste al contacto con el canal auditivo, provee un sello herm\u00e9tico. CARACTER\u00cdSTICAS: \u2022 Tapones auditivos fabricados de silicona hipoalerg\u00e9nica \u2022 Su dise\u00f1o permite un sellado herm\u00e9tico, y por su forma puede utilizarse en &hellip;<\/p>\n<p class=\"read-more\"> <a class=\"\" href=\"https:\/\/pangeatacticalandoutdoors.com\/index.php\/producto\/ap-tapon-auditivo-as-026cc\/\"> <span class=\"screen-reader-text\">AP-TAP\u00d3N AUDITIVO AS-026CC<\/span> Leer m\u00e1s &raquo;<\/a><\/p>\n","protected":false},"featured_media":5154,"comment_status":"open","ping_status":"closed","template":"","meta":{"site-sidebar-layout":"default","site-content-layout":"default","ast-global-header-display":"","ast-main-header-display":"","ast-hfb-above-header-display":"","ast-hfb-below-header-display":"","ast-hfb-mobile-header-display":"","site-post-title":"","ast-breadcrumbs-content":"","ast-featured-img":"","footer-sml-layout":"","theme-transparent-header-meta":"default","adv-header-id-meta":"","stick-header-meta":"","header-above-stick-meta":"","header-main-stick-meta":"","header-below-stick-meta":""},"product_cat":[353,87],"product_tag":[],"class_list":["post-5153","product","type-product","status-publish","has-post-thumbnail","hentry","product_cat-proteccion-auditiva","product_cat-ropa"],"jetpack_sharing_enabled":true,"_links":{"self":[{"href":"https:\/\/pangeatacticalandoutdoors.com\/index.php\/wp-json\/wp\/v2\/product\/5153","targetHints":{"allow":["GET"]}}],"collection":[{"href":"https:\/\/pangeatacticalandoutdoors.com\/index.php\/wp-json\/wp\/v2\/product"}],"about":[{"href":"https:\/\/pangeatacticalandoutdoors.com\/index.php\/wp-json\/wp\/v2\/types\/product"}],"replies":[{"embeddable":true,"href":"https:\/\/pangeatacticalandoutdoors.com\/index.php\/wp-json\/wp\/v2\/comments?post=5153"}],"wp:featuredmedia":[{"embeddable":true,"href":"https:\/\/pangeatacticalandoutdoors.com\/index.php\/wp-json\/wp\/v2\/media\/5154"}],"wp:attachment":[{"href":"https:\/\/pangeatacticalandoutdoors.com\/index.php\/wp-json\/wp\/v2\/media?parent=5153"}],"wp:term":[{"taxonomy":"product_cat","embeddable":true,"href":"https:\/\/pangeatacticalandoutdoors.com\/index.php\/wp-json\/wp\/v2\/product_cat?post=5153"},{"taxonomy":"product_tag","embeddable":true,"href":"https:\/\/pangeatacticalandoutdoors.com\/index.php\/wp-json\/wp\/v2\/product_tag?post=5153"}],"curies":[{"name":"wp","href":"https:\/\/api.w.org\/{rel}","templated":true}]}}