{"id":5032,"date":"2021-12-14T13:42:44","date_gmt":"2021-12-14T19:42:44","guid":{"rendered":"https:\/\/pangeatacticalandoutdoors.com\/?post_type=product&#038;p=5032"},"modified":"2026-03-09T11:26:37","modified_gmt":"2026-03-09T17:26:37","slug":"smartwool-womans-hike-socks-light-cushion-2","status":"publish","type":"product","link":"https:\/\/pangeatacticalandoutdoors.com\/index.php\/producto\/smartwool-womans-hike-socks-light-cushion-2\/","title":{"rendered":"SMARTWOOL-WOMAN\u00b4S HIKE SOCKS LIGHT CUSHION"},"content":{"rendered":"<p><em>Este calcet\u00edn de lana merino ligeramente acolchado es perfecto para caminatas moderadas o caminatas agresivas.\u00a0Dise\u00f1ado para el pie de una mujer, este calcet\u00edn de lana para senderismo cuenta con un refuerzo de arco el\u00e1stico para ayudar a mantener el calcet\u00edn en su lugar y agrega un poco de soporte adicional, mientras que una costura de punto plano en la puntera te ayuda a mantenerte c\u00f3modo durante todo el d\u00eda.<\/em><\/p>\n<h6>CARACTER\u00cdSTICAS:<\/h6>\n<ul>\n<li>Tallas claramente indicadas en el calcet\u00edn.<\/li>\n<li>Costura de punto plana en la puntera para mayor comodidad.<\/li>\n<li>Soporte de arco el\u00e1stico para un ajuste seguro<\/li>\n<li>El coj\u00edn ideal para terrenos variados de senderos y carreteras.<\/li>\n<li>Altura del calcet\u00edn: Crew<\/li>\n<li>Made in USA de hilo importado: 67% lana merino, 32% nailon, 1% elastano<\/li>\n<\/ul>\n<h6>CUIDADOS:<\/h6>\n<ul>\n<li>Lavar a m\u00e1quina con agua tibia, lavar del rev\u00e9s.\u00a0No usa blanqueador.\u00a0Secar en secadora a temperatura baja.\u00a0No planchar.\u00a0No lavar en seco.<\/li>\n<\/ul>\n","protected":false},"excerpt":{"rendered":"<p>Este calcet\u00edn de lana merino ligeramente acolchado es perfecto para caminatas moderadas o caminatas agresivas.\u00a0Dise\u00f1ado para el pie de una mujer, este calcet\u00edn de lana para senderismo cuenta con un refuerzo de arco el\u00e1stico para ayudar a mantener el calcet\u00edn en su lugar y agrega un poco de soporte adicional, mientras que una costura de &hellip;<\/p>\n<p class=\"read-more\"> <a class=\"\" href=\"https:\/\/pangeatacticalandoutdoors.com\/index.php\/producto\/smartwool-womans-hike-socks-light-cushion-2\/\"> <span class=\"screen-reader-text\">SMARTWOOL-WOMAN\u00b4S HIKE SOCKS LIGHT CUSHION<\/span> Leer m\u00e1s &raquo;<\/a><\/p>\n","protected":false},"featured_media":5045,"comment_status":"open","ping_status":"closed","template":"","meta":{"site-sidebar-layout":"default","site-content-layout":"default","ast-global-header-display":"","ast-main-header-display":"","ast-hfb-above-header-display":"","ast-hfb-below-header-display":"","ast-hfb-mobile-header-display":"","site-post-title":"","ast-breadcrumbs-content":"","ast-featured-img":"","footer-sml-layout":"","theme-transparent-header-meta":"default","adv-header-id-meta":"","stick-header-meta":"","header-above-stick-meta":"","header-main-stick-meta":"","header-below-stick-meta":""},"product_cat":[339,88],"product_tag":[],"class_list":["post-5032","product","type-product","status-publish","has-post-thumbnail","hentry","product_cat-calcetines","product_cat-campismo"],"jetpack_sharing_enabled":true,"_links":{"self":[{"href":"https:\/\/pangeatacticalandoutdoors.com\/index.php\/wp-json\/wp\/v2\/product\/5032","targetHints":{"allow":["GET"]}}],"collection":[{"href":"https:\/\/pangeatacticalandoutdoors.com\/index.php\/wp-json\/wp\/v2\/product"}],"about":[{"href":"https:\/\/pangeatacticalandoutdoors.com\/index.php\/wp-json\/wp\/v2\/types\/product"}],"replies":[{"embeddable":true,"href":"https:\/\/pangeatacticalandoutdoors.com\/index.php\/wp-json\/wp\/v2\/comments?post=5032"}],"wp:featuredmedia":[{"embeddable":true,"href":"https:\/\/pangeatacticalandoutdoors.com\/index.php\/wp-json\/wp\/v2\/media\/5045"}],"wp:attachment":[{"href":"https:\/\/pangeatacticalandoutdoors.com\/index.php\/wp-json\/wp\/v2\/media?parent=5032"}],"wp:term":[{"taxonomy":"product_cat","embeddable":true,"href":"https:\/\/pangeatacticalandoutdoors.com\/index.php\/wp-json\/wp\/v2\/product_cat?post=5032"},{"taxonomy":"product_tag","embeddable":true,"href":"https:\/\/pangeatacticalandoutdoors.com\/index.php\/wp-json\/wp\/v2\/product_tag?post=5032"}],"curies":[{"name":"wp","href":"https:\/\/api.w.org\/{rel}","templated":true}]}}