{"id":4782,"date":"2021-12-03T18:19:17","date_gmt":"2021-12-04T00:19:17","guid":{"rendered":"https:\/\/pangeatacticalandoutdoors.com\/?post_type=product&#038;p=4782"},"modified":"2022-10-06T16:01:25","modified_gmt":"2022-10-06T21:01:25","slug":"bd-9-9-rope-cuerda-de-escalada","status":"publish","type":"product","link":"https:\/\/pangeatacticalandoutdoors.com\/index.php\/producto\/bd-9-9-rope-cuerda-de-escalada\/","title":{"rendered":"BD-9.9 ROPE CUERDA DE ESCALADA"},"content":{"rendered":"<p><em>La Black Diamond 9.9 es nuestra cuerda de referencia para la escalada en roca durante todo el a\u00f1o.\u00a0Con un di\u00e1metro grueso construido para el uso diario, el 9.9 est\u00e1 optimizado para una durabilidad pero lo suficientemente suave como para ofrecer un excelente manejo.\u00a0Con un marcador central f\u00e1cilmente identificable, el BD 9.9 es ideal para escaladores que prefieren empacar una cuerda fornida para todos los proyectos de roca.<\/em><\/p>\n<h6>CARACTER\u00cdSTICAS:<\/h6>\n<ul>\n<li><span>Funda regular: utilizando una construcci\u00f3n de tejido 2X2, nuestra funda est\u00e1ndar est\u00e1 dise\u00f1ada para soportar el uso diario.<\/span><\/li>\n<li><span>Equilibrio de durabilidad y manejo: Dise\u00f1adas espec\u00edficamente para equilibrar la durabilidad y el excelente manejo, nuestras cuerdas no son demasiado r\u00edgidas ni demasiado blandas, lo que le brinda una excelente sensaci\u00f3n de cuerda que se anuda f\u00e1cilmente, se alimenta a trav\u00e9s de su dispositivo de seguridad con facilidad, pero aguanta hasta un aluvi\u00f3n de uso<\/span><\/li>\n<\/ul>\n","protected":false},"excerpt":{"rendered":"<p>La Black Diamond 9.9 es nuestra cuerda de referencia para la escalada en roca durante todo el a\u00f1o.\u00a0Con un di\u00e1metro grueso construido para el uso diario, el 9.9 est\u00e1 optimizado para una durabilidad pero lo suficientemente suave como para ofrecer un excelente manejo.\u00a0Con un marcador central f\u00e1cilmente identificable, el BD 9.9 es ideal para escaladores &hellip;<\/p>\n<p class=\"read-more\"> <a class=\"\" href=\"https:\/\/pangeatacticalandoutdoors.com\/index.php\/producto\/bd-9-9-rope-cuerda-de-escalada\/\"> <span class=\"screen-reader-text\">BD-9.9 ROPE CUERDA DE ESCALADA<\/span> Leer m\u00e1s &raquo;<\/a><\/p>\n","protected":false},"featured_media":4721,"comment_status":"open","ping_status":"closed","template":"","meta":{"site-sidebar-layout":"default","site-content-layout":"default","ast-global-header-display":"","ast-main-header-display":"","ast-hfb-above-header-display":"","ast-hfb-below-header-display":"","ast-hfb-mobile-header-display":"","site-post-title":"","ast-breadcrumbs-content":"","ast-featured-img":"","footer-sml-layout":"","theme-transparent-header-meta":"default","adv-header-id-meta":"","stick-header-meta":"","header-above-stick-meta":"","header-main-stick-meta":"","header-below-stick-meta":""},"product_cat":[194,290,88],"product_tag":[],"class_list":["post-4782","product","type-product","status-publish","has-post-thumbnail","hentry","product_cat-cuerdas","product_cat-escalada","product_cat-campismo"],"jetpack_sharing_enabled":true,"_links":{"self":[{"href":"https:\/\/pangeatacticalandoutdoors.com\/index.php\/wp-json\/wp\/v2\/product\/4782","targetHints":{"allow":["GET"]}}],"collection":[{"href":"https:\/\/pangeatacticalandoutdoors.com\/index.php\/wp-json\/wp\/v2\/product"}],"about":[{"href":"https:\/\/pangeatacticalandoutdoors.com\/index.php\/wp-json\/wp\/v2\/types\/product"}],"replies":[{"embeddable":true,"href":"https:\/\/pangeatacticalandoutdoors.com\/index.php\/wp-json\/wp\/v2\/comments?post=4782"}],"wp:featuredmedia":[{"embeddable":true,"href":"https:\/\/pangeatacticalandoutdoors.com\/index.php\/wp-json\/wp\/v2\/media\/4721"}],"wp:attachment":[{"href":"https:\/\/pangeatacticalandoutdoors.com\/index.php\/wp-json\/wp\/v2\/media?parent=4782"}],"wp:term":[{"taxonomy":"product_cat","embeddable":true,"href":"https:\/\/pangeatacticalandoutdoors.com\/index.php\/wp-json\/wp\/v2\/product_cat?post=4782"},{"taxonomy":"product_tag","embeddable":true,"href":"https:\/\/pangeatacticalandoutdoors.com\/index.php\/wp-json\/wp\/v2\/product_tag?post=4782"}],"curies":[{"name":"wp","href":"https:\/\/api.w.org\/{rel}","templated":true}]}}