{"id":4686,"date":"2021-12-01T11:30:30","date_gmt":"2021-12-01T17:30:30","guid":{"rendered":"https:\/\/pangeatacticalandoutdoors.com\/?post_type=product&#038;p=4686"},"modified":"2022-10-26T11:34:46","modified_gmt":"2022-10-26T16:34:46","slug":"la-sportiva-winter-running-gaiter-polainas","status":"publish","type":"product","link":"https:\/\/pangeatacticalandoutdoors.com\/index.php\/producto\/la-sportiva-winter-running-gaiter-polainas\/","title":{"rendered":"LA SPORTIVA-WINTER RUNNING GAITER POLAINAS"},"content":{"rendered":"<p><em>Polaina en tela impermeable y el\u00e1stica, dise\u00f1ada para usar con zapatillas de monta\u00f1a.<\/em><\/p>\n<h6>CARACTER\u00cdSTICAS:<\/h6>\n<ul>\n<li>Cierre con cord\u00f3n en la parte superior de la polaina<\/li>\n<li>Correa de polaina debajo de la suela<\/li>\n<li>Gancho frontal para sujetar cordones<\/li>\n<li>Cremallera lateral YKK<\/li>\n<li>Borde de silicona inferior para aumentar el agarre de zapatillas al correr<\/li>\n<li>Logo La Sportiva estampado<\/li>\n<li>1 par por paquete<\/li>\n<li>Tejido: 100% poli\u00e9ster<\/li>\n<li>Correspondencia de tama\u00f1o<\/li>\n<\/ul>\n<h6>Talla S:<\/h6>\n<ul>\n<li>Altura cremallera: 15 cm<\/li>\n<li>Largo de la base: 16 cm<\/li>\n<\/ul>\n","protected":false},"excerpt":{"rendered":"<p>Polaina en tela impermeable y el\u00e1stica, dise\u00f1ada para usar con zapatillas de monta\u00f1a. CARACTER\u00cdSTICAS: Cierre con cord\u00f3n en la parte superior de la polaina Correa de polaina debajo de la suela Gancho frontal para sujetar cordones Cremallera lateral YKK Borde de silicona inferior para aumentar el agarre de zapatillas al correr Logo La Sportiva estampado &hellip;<\/p>\n<p class=\"read-more\"> <a class=\"\" href=\"https:\/\/pangeatacticalandoutdoors.com\/index.php\/producto\/la-sportiva-winter-running-gaiter-polainas\/\"> <span class=\"screen-reader-text\">LA SPORTIVA-WINTER RUNNING GAITER POLAINAS<\/span> Leer m\u00e1s &raquo;<\/a><\/p>\n","protected":false},"featured_media":4659,"comment_status":"open","ping_status":"closed","template":"","meta":{"site-sidebar-layout":"default","site-content-layout":"default","ast-global-header-display":"","ast-main-header-display":"","ast-hfb-above-header-display":"","ast-hfb-below-header-display":"","ast-hfb-mobile-header-display":"","site-post-title":"","ast-breadcrumbs-content":"","ast-featured-img":"","footer-sml-layout":"","theme-transparent-header-meta":"default","adv-header-id-meta":"","stick-header-meta":"","header-above-stick-meta":"","header-main-stick-meta":"","header-below-stick-meta":""},"product_cat":[90],"product_tag":[],"class_list":["post-4686","product","type-product","status-publish","has-post-thumbnail","hentry","product_cat-accesorios"],"jetpack_sharing_enabled":true,"_links":{"self":[{"href":"https:\/\/pangeatacticalandoutdoors.com\/index.php\/wp-json\/wp\/v2\/product\/4686","targetHints":{"allow":["GET"]}}],"collection":[{"href":"https:\/\/pangeatacticalandoutdoors.com\/index.php\/wp-json\/wp\/v2\/product"}],"about":[{"href":"https:\/\/pangeatacticalandoutdoors.com\/index.php\/wp-json\/wp\/v2\/types\/product"}],"replies":[{"embeddable":true,"href":"https:\/\/pangeatacticalandoutdoors.com\/index.php\/wp-json\/wp\/v2\/comments?post=4686"}],"wp:featuredmedia":[{"embeddable":true,"href":"https:\/\/pangeatacticalandoutdoors.com\/index.php\/wp-json\/wp\/v2\/media\/4659"}],"wp:attachment":[{"href":"https:\/\/pangeatacticalandoutdoors.com\/index.php\/wp-json\/wp\/v2\/media?parent=4686"}],"wp:term":[{"taxonomy":"product_cat","embeddable":true,"href":"https:\/\/pangeatacticalandoutdoors.com\/index.php\/wp-json\/wp\/v2\/product_cat?post=4686"},{"taxonomy":"product_tag","embeddable":true,"href":"https:\/\/pangeatacticalandoutdoors.com\/index.php\/wp-json\/wp\/v2\/product_tag?post=4686"}],"curies":[{"name":"wp","href":"https:\/\/api.w.org\/{rel}","templated":true}]}}