{"id":4668,"date":"2021-11-30T14:21:17","date_gmt":"2021-11-30T20:21:17","guid":{"rendered":"https:\/\/pangeatacticalandoutdoors.com\/?post_type=product&#038;p=4668"},"modified":"2026-03-09T12:21:22","modified_gmt":"2026-03-09T18:21:22","slug":"la-sportiva-siurana-short","status":"publish","type":"product","link":"https:\/\/pangeatacticalandoutdoors.com\/index.php\/producto\/la-sportiva-siurana-short\/","title":{"rendered":"LA SPORTIVA-SIURANA SHORT"},"content":{"rendered":"<p><em>Pantal\u00f3n corto especialmente desarrollado para cumplir con todas las necesidades de un escalador. Ideal para esos d\u00edas en la zona de escalada donde buscas confort, flexibilidad y un rendimiento m\u00e1ximo.<\/em><\/p>\n<h6>CARACTER\u00cdSTICAS:<\/h6>\n<ul>\n<li>ACTIVIDAD Escalada Indoor<\/li>\n<li>CATEGOR\u00cdA Shorts<\/li>\n<li>DEPARTAMENTO Ropa<\/li>\n<li>COLOR Coral<\/li>\n<li>FIT Regular<\/li>\n<li>MATERIAL 97% Algod\u00f3n Twill Weave, 3% Lycra<\/li>\n<li>PESO 235g<\/li>\n<\/ul>\n","protected":false},"excerpt":{"rendered":"<p>Pantal\u00f3n corto especialmente desarrollado para cumplir con todas las necesidades de un escalador. Ideal para esos d\u00edas en la zona de escalada donde buscas confort, flexibilidad y un rendimiento m\u00e1ximo. CARACTER\u00cdSTICAS: ACTIVIDAD Escalada Indoor CATEGOR\u00cdA Shorts DEPARTAMENTO Ropa COLOR Coral FIT Regular MATERIAL 97% Algod\u00f3n Twill Weave, 3% Lycra PESO 235g<\/p>\n","protected":false},"featured_media":4652,"comment_status":"open","ping_status":"closed","template":"","meta":{"site-sidebar-layout":"default","site-content-layout":"default","ast-global-header-display":"","ast-main-header-display":"","ast-hfb-above-header-display":"","ast-hfb-below-header-display":"","ast-hfb-mobile-header-display":"","site-post-title":"","ast-breadcrumbs-content":"","ast-featured-img":"","footer-sml-layout":"","theme-transparent-header-meta":"default","adv-header-id-meta":"","stick-header-meta":"","header-above-stick-meta":"","header-main-stick-meta":"","header-below-stick-meta":""},"product_cat":[290,88,291],"product_tag":[],"class_list":["post-4668","product","type-product","status-publish","has-post-thumbnail","hentry","product_cat-escalada","product_cat-campismo","product_cat-short"],"jetpack_sharing_enabled":true,"_links":{"self":[{"href":"https:\/\/pangeatacticalandoutdoors.com\/index.php\/wp-json\/wp\/v2\/product\/4668","targetHints":{"allow":["GET"]}}],"collection":[{"href":"https:\/\/pangeatacticalandoutdoors.com\/index.php\/wp-json\/wp\/v2\/product"}],"about":[{"href":"https:\/\/pangeatacticalandoutdoors.com\/index.php\/wp-json\/wp\/v2\/types\/product"}],"replies":[{"embeddable":true,"href":"https:\/\/pangeatacticalandoutdoors.com\/index.php\/wp-json\/wp\/v2\/comments?post=4668"}],"wp:featuredmedia":[{"embeddable":true,"href":"https:\/\/pangeatacticalandoutdoors.com\/index.php\/wp-json\/wp\/v2\/media\/4652"}],"wp:attachment":[{"href":"https:\/\/pangeatacticalandoutdoors.com\/index.php\/wp-json\/wp\/v2\/media?parent=4668"}],"wp:term":[{"taxonomy":"product_cat","embeddable":true,"href":"https:\/\/pangeatacticalandoutdoors.com\/index.php\/wp-json\/wp\/v2\/product_cat?post=4668"},{"taxonomy":"product_tag","embeddable":true,"href":"https:\/\/pangeatacticalandoutdoors.com\/index.php\/wp-json\/wp\/v2\/product_tag?post=4668"}],"curies":[{"name":"wp","href":"https:\/\/api.w.org\/{rel}","templated":true}]}}