{"id":4379,"date":"2021-11-17T18:18:55","date_gmt":"2021-11-18T00:18:55","guid":{"rendered":"https:\/\/pangeatacticalandoutdoors.com\/?post_type=product&#038;p=4379"},"modified":"2022-04-06T13:48:00","modified_gmt":"2022-04-06T18:48:00","slug":"tt-tac-holster-mk-ii","status":"publish","type":"product","link":"https:\/\/pangeatacticalandoutdoors.com\/index.php\/producto\/tt-tac-holster-mk-ii\/","title":{"rendered":"TT-TAC HOLSTER MK II"},"content":{"rendered":"<p><em>Funda de pistola universal con ajuste de tama\u00f1o interno (pistolas de hasta 5 &#8220;).<\/em><\/p>\n<h6>CARACTER\u00cdSTICAS:<\/h6>\n<ul class=\"desc\">\n<li>Solo disponible como versi\u00f3n para diestros<\/li>\n<li>Cierre de seguridad (Velcro)<\/li>\n<li>Sistema MOLLE<\/li>\n<\/ul>\n<div>\n<table class=\"product-details\">\n<tbody>\n<tr>\n<th>Dimensiones:<\/th>\n<td>23 x 12 x 4 cent\u00edmetros<\/td>\n<\/tr>\n<tr>\n<th>Peso:<\/th>\n<td>190 g<\/td>\n<\/tr>\n<tr>\n<th>Material:<\/th>\n<td>CORDURA\u00ae 700 den<\/td>\n<\/tr>\n<\/tbody>\n<\/table>\n<\/div>\n","protected":false},"excerpt":{"rendered":"<p>Funda de pistola universal con ajuste de tama\u00f1o interno (pistolas de hasta 5 &#8220;). CARACTER\u00cdSTICAS: Solo disponible como versi\u00f3n para diestros Cierre de seguridad (Velcro) Sistema MOLLE Dimensiones: 23 x 12 x 4 cent\u00edmetros Peso: 190 g Material: CORDURA\u00ae 700 den<\/p>\n","protected":false},"featured_media":4380,"comment_status":"open","ping_status":"closed","template":"","meta":{"site-sidebar-layout":"default","site-content-layout":"default","ast-global-header-display":"","ast-main-header-display":"","ast-hfb-above-header-display":"","ast-hfb-below-header-display":"","ast-hfb-mobile-header-display":"","site-post-title":"","ast-breadcrumbs-content":"","ast-featured-img":"","footer-sml-layout":"","theme-transparent-header-meta":"default","adv-header-id-meta":"","stick-header-meta":"","header-above-stick-meta":"","header-main-stick-meta":"","header-below-stick-meta":""},"product_cat":[146,87],"product_tag":[],"class_list":["post-4379","product","type-product","status-publish","has-post-thumbnail","hentry","product_cat-almacenamiento-de-armas","product_cat-ropa"],"jetpack_sharing_enabled":true,"_links":{"self":[{"href":"https:\/\/pangeatacticalandoutdoors.com\/index.php\/wp-json\/wp\/v2\/product\/4379","targetHints":{"allow":["GET"]}}],"collection":[{"href":"https:\/\/pangeatacticalandoutdoors.com\/index.php\/wp-json\/wp\/v2\/product"}],"about":[{"href":"https:\/\/pangeatacticalandoutdoors.com\/index.php\/wp-json\/wp\/v2\/types\/product"}],"replies":[{"embeddable":true,"href":"https:\/\/pangeatacticalandoutdoors.com\/index.php\/wp-json\/wp\/v2\/comments?post=4379"}],"wp:featuredmedia":[{"embeddable":true,"href":"https:\/\/pangeatacticalandoutdoors.com\/index.php\/wp-json\/wp\/v2\/media\/4380"}],"wp:attachment":[{"href":"https:\/\/pangeatacticalandoutdoors.com\/index.php\/wp-json\/wp\/v2\/media?parent=4379"}],"wp:term":[{"taxonomy":"product_cat","embeddable":true,"href":"https:\/\/pangeatacticalandoutdoors.com\/index.php\/wp-json\/wp\/v2\/product_cat?post=4379"},{"taxonomy":"product_tag","embeddable":true,"href":"https:\/\/pangeatacticalandoutdoors.com\/index.php\/wp-json\/wp\/v2\/product_tag?post=4379"}],"curies":[{"name":"wp","href":"https:\/\/api.w.org\/{rel}","templated":true}]}}