{"id":4236,"date":"2021-11-13T14:12:15","date_gmt":"2021-11-13T20:12:15","guid":{"rendered":"https:\/\/pangeatacticalandoutdoors.com\/?post_type=product&#038;p=4236"},"modified":"2026-03-09T12:35:13","modified_gmt":"2026-03-09T18:35:13","slug":"atman-chaleco-trail","status":"publish","type":"product","link":"https:\/\/pangeatacticalandoutdoors.com\/index.php\/producto\/atman-chaleco-trail\/","title":{"rendered":"ATMAN-CHALECO TRAIL"},"content":{"rendered":"<p><em>Para los amantes de las traves\u00edas al aire libre (senderismo, bici de monta\u00f1a, multiaventura, etc.) tenemos este chaleco outdoor rompevientos para hombre.<\/em><\/p>\n<h6>CARACTER\u00cdTICAS:<\/h6>\n<ul>\n<li>Cuenta con un material en la parte trasera que le dar\u00e1 flexibilidad a tus movimientos.<\/li>\n<li>Repele el agua (soporta una lluvia ligera) y es transpirable.<\/li>\n<li>GARANT\u00cdA DE POR VIDA.<\/li>\n<\/ul>\n","protected":false},"excerpt":{"rendered":"<p>Para los amantes de las traves\u00edas al aire libre (senderismo, bici de monta\u00f1a, multiaventura, etc.) tenemos este chaleco outdoor rompevientos para hombre. CARACTER\u00cdTICAS: Cuenta con un material en la parte trasera que le dar\u00e1 flexibilidad a tus movimientos. Repele el agua (soporta una lluvia ligera) y es transpirable. GARANT\u00cdA DE POR VIDA.<\/p>\n","protected":false},"featured_media":4201,"comment_status":"open","ping_status":"closed","template":"","meta":{"site-sidebar-layout":"default","site-content-layout":"default","ast-global-header-display":"","ast-main-header-display":"","ast-hfb-above-header-display":"","ast-hfb-below-header-display":"","ast-hfb-mobile-header-display":"","site-post-title":"","ast-breadcrumbs-content":"","ast-featured-img":"","footer-sml-layout":"","theme-transparent-header-meta":"default","adv-header-id-meta":"","stick-header-meta":"","header-above-stick-meta":"","header-main-stick-meta":"","header-below-stick-meta":""},"product_cat":[137,88],"product_tag":[],"class_list":["post-4236","product","type-product","status-publish","has-post-thumbnail","hentry","product_cat-chalecos","product_cat-campismo"],"jetpack_sharing_enabled":true,"_links":{"self":[{"href":"https:\/\/pangeatacticalandoutdoors.com\/index.php\/wp-json\/wp\/v2\/product\/4236","targetHints":{"allow":["GET"]}}],"collection":[{"href":"https:\/\/pangeatacticalandoutdoors.com\/index.php\/wp-json\/wp\/v2\/product"}],"about":[{"href":"https:\/\/pangeatacticalandoutdoors.com\/index.php\/wp-json\/wp\/v2\/types\/product"}],"replies":[{"embeddable":true,"href":"https:\/\/pangeatacticalandoutdoors.com\/index.php\/wp-json\/wp\/v2\/comments?post=4236"}],"wp:featuredmedia":[{"embeddable":true,"href":"https:\/\/pangeatacticalandoutdoors.com\/index.php\/wp-json\/wp\/v2\/media\/4201"}],"wp:attachment":[{"href":"https:\/\/pangeatacticalandoutdoors.com\/index.php\/wp-json\/wp\/v2\/media?parent=4236"}],"wp:term":[{"taxonomy":"product_cat","embeddable":true,"href":"https:\/\/pangeatacticalandoutdoors.com\/index.php\/wp-json\/wp\/v2\/product_cat?post=4236"},{"taxonomy":"product_tag","embeddable":true,"href":"https:\/\/pangeatacticalandoutdoors.com\/index.php\/wp-json\/wp\/v2\/product_tag?post=4236"}],"curies":[{"name":"wp","href":"https:\/\/api.w.org\/{rel}","templated":true}]}}