{"id":4101,"date":"2021-11-10T17:34:18","date_gmt":"2021-11-10T23:34:18","guid":{"rendered":"https:\/\/pangeatacticalandoutdoors.com\/?post_type=product&#038;p=4101"},"modified":"2021-12-03T14:40:00","modified_gmt":"2021-12-03T20:40:00","slug":"asana-sport-blusa-deportiva-50299","status":"publish","type":"product","link":"https:\/\/pangeatacticalandoutdoors.com\/index.php\/producto\/asana-sport-blusa-deportiva-50299\/","title":{"rendered":"Asana Sport-Blusa Deportiva 50299"},"content":{"rendered":"<p><em>Blusa Deportiva 50299 Asana Sport \u00ae| Blusa Fit Larga Unitalla<\/em><\/p>\n<h6>CARACTER\u00cdSTICAS:<\/h6>\n<p>Blusa deportiva\u00a0para mujer de manga corta, cuello redondo, corte largo que llega a la cadera con dise\u00f1o exclusivo sport, su material es ligero y te mantiene fresca durante tus actividades, cuentan con protecci\u00f3n UV, antibacterial, protecci\u00f3n al color. Sus detalles en transparencias le dan un toque fit para tu\u00a0outfit deportivo.\u00a0\u00a0Perfecta para realizar cualquier deporte como\u00a0Yoga, Atletismo, Pilates, etc. Es de materiales ligeros que permiten el libre movimiento por su dise\u00f1o, tiene una capa que cubre de manera ajustada el pecho para que al realizar movimientos no se levante toda la prenda y hacer tus\u00a0actividades deportivas\u00a0favoritas de la manera m\u00e1s c\u00f3moda posible.<\/p>\n","protected":false},"excerpt":{"rendered":"<p>Blusa Deportiva 50299 Asana Sport \u00ae| Blusa Fit Larga Unitalla CARACTER\u00cdSTICAS: Blusa deportiva\u00a0para mujer de manga corta, cuello redondo, corte largo que llega a la cadera con dise\u00f1o exclusivo sport, su material es ligero y te mantiene fresca durante tus actividades, cuentan con protecci\u00f3n UV, antibacterial, protecci\u00f3n al color. Sus detalles en transparencias le dan &hellip;<\/p>\n<p class=\"read-more\"> <a class=\"\" href=\"https:\/\/pangeatacticalandoutdoors.com\/index.php\/producto\/asana-sport-blusa-deportiva-50299\/\"> <span class=\"screen-reader-text\">Asana Sport-Blusa Deportiva 50299<\/span> Leer m\u00e1s &raquo;<\/a><\/p>\n","protected":false},"featured_media":4102,"comment_status":"open","ping_status":"closed","template":"","meta":{"site-sidebar-layout":"default","site-content-layout":"default","ast-global-header-display":"","ast-main-header-display":"","ast-hfb-above-header-display":"","ast-hfb-below-header-display":"","ast-hfb-mobile-header-display":"","site-post-title":"","ast-breadcrumbs-content":"","ast-featured-img":"","footer-sml-layout":"","theme-transparent-header-meta":"default","adv-header-id-meta":"","stick-header-meta":"","header-above-stick-meta":"","header-main-stick-meta":"","header-below-stick-meta":""},"product_cat":[230,88,268],"product_tag":[],"class_list":["post-4101","product","type-product","status-publish","has-post-thumbnail","hentry","product_cat-blusa-deportiva","product_cat-campismo","product_cat-ropa-deportiva"],"jetpack_sharing_enabled":true,"_links":{"self":[{"href":"https:\/\/pangeatacticalandoutdoors.com\/index.php\/wp-json\/wp\/v2\/product\/4101","targetHints":{"allow":["GET"]}}],"collection":[{"href":"https:\/\/pangeatacticalandoutdoors.com\/index.php\/wp-json\/wp\/v2\/product"}],"about":[{"href":"https:\/\/pangeatacticalandoutdoors.com\/index.php\/wp-json\/wp\/v2\/types\/product"}],"replies":[{"embeddable":true,"href":"https:\/\/pangeatacticalandoutdoors.com\/index.php\/wp-json\/wp\/v2\/comments?post=4101"}],"wp:featuredmedia":[{"embeddable":true,"href":"https:\/\/pangeatacticalandoutdoors.com\/index.php\/wp-json\/wp\/v2\/media\/4102"}],"wp:attachment":[{"href":"https:\/\/pangeatacticalandoutdoors.com\/index.php\/wp-json\/wp\/v2\/media?parent=4101"}],"wp:term":[{"taxonomy":"product_cat","embeddable":true,"href":"https:\/\/pangeatacticalandoutdoors.com\/index.php\/wp-json\/wp\/v2\/product_cat?post=4101"},{"taxonomy":"product_tag","embeddable":true,"href":"https:\/\/pangeatacticalandoutdoors.com\/index.php\/wp-json\/wp\/v2\/product_tag?post=4101"}],"curies":[{"name":"wp","href":"https:\/\/api.w.org\/{rel}","templated":true}]}}