{"id":4067,"date":"2021-11-10T14:39:10","date_gmt":"2021-11-10T20:39:10","guid":{"rendered":"https:\/\/pangeatacticalandoutdoors.com\/?post_type=product&#038;p=4067"},"modified":"2024-08-01T19:32:08","modified_gmt":"2024-08-02T00:32:08","slug":"asana-sport-leggins-deportivos-50309","status":"publish","type":"product","link":"https:\/\/pangeatacticalandoutdoors.com\/index.php\/producto\/asana-sport-leggins-deportivos-50309\/","title":{"rendered":"Asana Sport-Leggins Deportivos 50309"},"content":{"rendered":"<p><em>Leggins Deportivos 50309 Signo Mas Asana Sport\u00ae te va a fascinar por la compresi\u00f3n que tiene, ya que esta dise\u00f1ado especialmente para ayudarte a disimular las peque\u00f1as imperfecciones de la piel.<\/em><\/p>\n<h6>CARACTER\u00cdSTICAS:<\/h6>\n<ul>\n<li>Elaborado con tela transpirable y\u00a0tecnolog\u00eda de secado r\u00e1pido que te mantendr\u00e1 fresca y c\u00f3moda a\u00fan despu\u00e9s de realizar tus rutinas o actividades posteriores.<\/li>\n<li>No se te pegar\u00e1 a la piel por el sudor, no se mancha por el sudor, cuenta tambi\u00e9n con tecnolog\u00eda de protecci\u00f3n antibacterial.<\/li>\n<li>Protecci\u00f3n de rayos UV, protecci\u00f3n de color, ajusta y moldea la figura con la compresi\u00f3n exacta para todo tipo de cuerpo.<\/li>\n<li>La calidad de la prenda te permitir\u00e1 tener un leggin en buenas condiciones por mucho tiempo.<\/li>\n<\/ul>\n","protected":false},"excerpt":{"rendered":"<p>Leggins Deportivos 50309 Signo Mas Asana Sport\u00ae te va a fascinar por la compresi\u00f3n que tiene, ya que esta dise\u00f1ado especialmente para ayudarte a disimular las peque\u00f1as imperfecciones de la piel. CARACTER\u00cdSTICAS: Elaborado con tela transpirable y\u00a0tecnolog\u00eda de secado r\u00e1pido que te mantendr\u00e1 fresca y c\u00f3moda a\u00fan despu\u00e9s de realizar tus rutinas o actividades posteriores. &hellip;<\/p>\n<p class=\"read-more\"> <a class=\"\" href=\"https:\/\/pangeatacticalandoutdoors.com\/index.php\/producto\/asana-sport-leggins-deportivos-50309\/\"> <span class=\"screen-reader-text\">Asana Sport-Leggins Deportivos 50309<\/span> Leer m\u00e1s &raquo;<\/a><\/p>\n","protected":false},"featured_media":4068,"comment_status":"open","ping_status":"closed","template":"","meta":{"site-sidebar-layout":"default","site-content-layout":"default","ast-global-header-display":"","ast-main-header-display":"","ast-hfb-above-header-display":"","ast-hfb-below-header-display":"","ast-hfb-mobile-header-display":"","site-post-title":"","ast-breadcrumbs-content":"","ast-featured-img":"","footer-sml-layout":"","theme-transparent-header-meta":"default","adv-header-id-meta":"","stick-header-meta":"","header-above-stick-meta":"","header-main-stick-meta":"","header-below-stick-meta":""},"product_cat":[229,88,268],"product_tag":[],"class_list":["post-4067","product","type-product","status-publish","has-post-thumbnail","hentry","product_cat-leggins","product_cat-campismo","product_cat-ropa-deportiva"],"jetpack_sharing_enabled":true,"_links":{"self":[{"href":"https:\/\/pangeatacticalandoutdoors.com\/index.php\/wp-json\/wp\/v2\/product\/4067","targetHints":{"allow":["GET"]}}],"collection":[{"href":"https:\/\/pangeatacticalandoutdoors.com\/index.php\/wp-json\/wp\/v2\/product"}],"about":[{"href":"https:\/\/pangeatacticalandoutdoors.com\/index.php\/wp-json\/wp\/v2\/types\/product"}],"replies":[{"embeddable":true,"href":"https:\/\/pangeatacticalandoutdoors.com\/index.php\/wp-json\/wp\/v2\/comments?post=4067"}],"wp:featuredmedia":[{"embeddable":true,"href":"https:\/\/pangeatacticalandoutdoors.com\/index.php\/wp-json\/wp\/v2\/media\/4068"}],"wp:attachment":[{"href":"https:\/\/pangeatacticalandoutdoors.com\/index.php\/wp-json\/wp\/v2\/media?parent=4067"}],"wp:term":[{"taxonomy":"product_cat","embeddable":true,"href":"https:\/\/pangeatacticalandoutdoors.com\/index.php\/wp-json\/wp\/v2\/product_cat?post=4067"},{"taxonomy":"product_tag","embeddable":true,"href":"https:\/\/pangeatacticalandoutdoors.com\/index.php\/wp-json\/wp\/v2\/product_tag?post=4067"}],"curies":[{"name":"wp","href":"https:\/\/api.w.org\/{rel}","templated":true}]}}