{"id":4052,"date":"2021-11-10T13:02:03","date_gmt":"2021-11-10T19:02:03","guid":{"rendered":"https:\/\/pangeatacticalandoutdoors.com\/?post_type=product&#038;p=4052"},"modified":"2021-11-10T13:24:12","modified_gmt":"2021-11-10T19:24:12","slug":"atman-chamarra-polartec","status":"publish","type":"product","link":"https:\/\/pangeatacticalandoutdoors.com\/index.php\/producto\/atman-chamarra-polartec\/","title":{"rendered":"ATMAN-CHAMARRA SORTE"},"content":{"rendered":"<p><em>Chamarra outdoor t\u00e9rmica para mujer, Ll\u00e9vala de caminata, expedici\u00f3n por la monta\u00f1a, exploraci\u00f3n alpina o cualquier deporte outdoor.\u00a0<\/em><\/p>\n<h6>CARACTER\u00cdSTICAS:<\/h6>\n<ul>\n<li>Fabricada en combinaci\u00f3n de materiales con cierre al frente y dos bolsas de costado.<\/li>\n<li>La textura es ultra suave al tacto d\u00e1ndote una sensaci\u00f3n de calidez y confort adem\u00e1s de ser altamente transpirable y de secado r\u00e1pido.<\/li>\n<li>Recomendado para soportar bajas temperaturas.<\/li>\n<li>GARANT\u00cdA DE POR VIDA<\/li>\n<\/ul>\n","protected":false},"excerpt":{"rendered":"<p>Chamarra outdoor t\u00e9rmica para mujer, Ll\u00e9vala de caminata, expedici\u00f3n por la monta\u00f1a, exploraci\u00f3n alpina o cualquier deporte outdoor.\u00a0 CARACTER\u00cdSTICAS: Fabricada en combinaci\u00f3n de materiales con cierre al frente y dos bolsas de costado. La textura es ultra suave al tacto d\u00e1ndote una sensaci\u00f3n de calidez y confort adem\u00e1s de ser altamente transpirable y de secado &hellip;<\/p>\n<p class=\"read-more\"> <a class=\"\" href=\"https:\/\/pangeatacticalandoutdoors.com\/index.php\/producto\/atman-chamarra-polartec\/\"> <span class=\"screen-reader-text\">ATMAN-CHAMARRA SORTE<\/span> Leer m\u00e1s &raquo;<\/a><\/p>\n","protected":false},"featured_media":4059,"comment_status":"open","ping_status":"closed","template":"","meta":{"site-sidebar-layout":"default","site-content-layout":"default","ast-global-header-display":"","ast-main-header-display":"","ast-hfb-above-header-display":"","ast-hfb-below-header-display":"","ast-hfb-mobile-header-display":"","site-post-title":"","ast-breadcrumbs-content":"","ast-featured-img":"","footer-sml-layout":"","theme-transparent-header-meta":"default","adv-header-id-meta":"","stick-header-meta":"","header-above-stick-meta":"","header-main-stick-meta":"","header-below-stick-meta":""},"product_cat":[136,88],"product_tag":[],"class_list":["post-4052","product","type-product","status-publish","has-post-thumbnail","hentry","product_cat-chamarras-y-chaquetas","product_cat-campismo"],"jetpack_sharing_enabled":true,"_links":{"self":[{"href":"https:\/\/pangeatacticalandoutdoors.com\/index.php\/wp-json\/wp\/v2\/product\/4052","targetHints":{"allow":["GET"]}}],"collection":[{"href":"https:\/\/pangeatacticalandoutdoors.com\/index.php\/wp-json\/wp\/v2\/product"}],"about":[{"href":"https:\/\/pangeatacticalandoutdoors.com\/index.php\/wp-json\/wp\/v2\/types\/product"}],"replies":[{"embeddable":true,"href":"https:\/\/pangeatacticalandoutdoors.com\/index.php\/wp-json\/wp\/v2\/comments?post=4052"}],"wp:featuredmedia":[{"embeddable":true,"href":"https:\/\/pangeatacticalandoutdoors.com\/index.php\/wp-json\/wp\/v2\/media\/4059"}],"wp:attachment":[{"href":"https:\/\/pangeatacticalandoutdoors.com\/index.php\/wp-json\/wp\/v2\/media?parent=4052"}],"wp:term":[{"taxonomy":"product_cat","embeddable":true,"href":"https:\/\/pangeatacticalandoutdoors.com\/index.php\/wp-json\/wp\/v2\/product_cat?post=4052"},{"taxonomy":"product_tag","embeddable":true,"href":"https:\/\/pangeatacticalandoutdoors.com\/index.php\/wp-json\/wp\/v2\/product_tag?post=4052"}],"curies":[{"name":"wp","href":"https:\/\/api.w.org\/{rel}","templated":true}]}}