{"id":4031,"date":"2021-11-09T18:26:48","date_gmt":"2021-11-10T00:26:48","guid":{"rendered":"https:\/\/pangeatacticalandoutdoors.com\/?post_type=product&#038;p=4031"},"modified":"2021-11-09T18:26:48","modified_gmt":"2021-11-10T00:26:48","slug":"esposas-metalicas-smith-wesson","status":"publish","type":"product","link":"https:\/\/pangeatacticalandoutdoors.com\/index.php\/producto\/esposas-metalicas-smith-wesson\/","title":{"rendered":"ESPOSAS METALICAS SMITH &#038; WESSON"},"content":{"rendered":"<p><em>Esposas de seguridad de eslabon, Smith &amp; Wesson de doble bloqueo, 2 llaves incluidas. Est\u00e1n fabricadas con acero al carbono de la mejor calidad, con cerraduras internas tratadas t\u00e9rmicamente con trinquetes lisos para un manguito r\u00e1pido y cerraduras dobles para evitar la manipulaci\u00f3n.<\/em><\/p>\n<h6>CARACTER\u00cdSTICAS:<\/h6>\n<ul>\n<li>Peso: Menos de 450 gramos.<\/li>\n<li>Medidas\u00a024 cm de largo, di\u00e1metro m\u00ednimo de 4.8x 5.5 cm y m\u00e1ximo de 7.8x 5.6 cms.<\/li>\n<li>Color: negro y n\u00edquel.<\/li>\n<li>20 dientes.<\/li>\n<\/ul>\n<p>&nbsp;<\/p>\n","protected":false},"excerpt":{"rendered":"<p>Esposas de seguridad de eslabon, Smith &amp; Wesson de doble bloqueo, 2 llaves incluidas. Est\u00e1n fabricadas con acero al carbono de la mejor calidad, con cerraduras internas tratadas t\u00e9rmicamente con trinquetes lisos para un manguito r\u00e1pido y cerraduras dobles para evitar la manipulaci\u00f3n. CARACTER\u00cdSTICAS: Peso: Menos de 450 gramos. Medidas\u00a024 cm de largo, di\u00e1metro m\u00ednimo &hellip;<\/p>\n<p class=\"read-more\"> <a class=\"\" href=\"https:\/\/pangeatacticalandoutdoors.com\/index.php\/producto\/esposas-metalicas-smith-wesson\/\"> <span class=\"screen-reader-text\">ESPOSAS METALICAS SMITH &#038; WESSON<\/span> Leer m\u00e1s &raquo;<\/a><\/p>\n","protected":false},"featured_media":4032,"comment_status":"open","ping_status":"closed","template":"","meta":{"site-sidebar-layout":"default","site-content-layout":"default","ast-global-header-display":"","ast-main-header-display":"","ast-hfb-above-header-display":"","ast-hfb-below-header-display":"","ast-hfb-mobile-header-display":"","site-post-title":"","ast-breadcrumbs-content":"","ast-featured-img":"","footer-sml-layout":"","theme-transparent-header-meta":"default","adv-header-id-meta":"","stick-header-meta":"","header-above-stick-meta":"","header-main-stick-meta":"","header-below-stick-meta":""},"product_cat":[90,224],"product_tag":[],"class_list":["post-4031","product","type-product","status-publish","has-post-thumbnail","hentry","product_cat-accesorios","product_cat-esposas"],"jetpack_sharing_enabled":true,"_links":{"self":[{"href":"https:\/\/pangeatacticalandoutdoors.com\/index.php\/wp-json\/wp\/v2\/product\/4031","targetHints":{"allow":["GET"]}}],"collection":[{"href":"https:\/\/pangeatacticalandoutdoors.com\/index.php\/wp-json\/wp\/v2\/product"}],"about":[{"href":"https:\/\/pangeatacticalandoutdoors.com\/index.php\/wp-json\/wp\/v2\/types\/product"}],"replies":[{"embeddable":true,"href":"https:\/\/pangeatacticalandoutdoors.com\/index.php\/wp-json\/wp\/v2\/comments?post=4031"}],"wp:featuredmedia":[{"embeddable":true,"href":"https:\/\/pangeatacticalandoutdoors.com\/index.php\/wp-json\/wp\/v2\/media\/4032"}],"wp:attachment":[{"href":"https:\/\/pangeatacticalandoutdoors.com\/index.php\/wp-json\/wp\/v2\/media?parent=4031"}],"wp:term":[{"taxonomy":"product_cat","embeddable":true,"href":"https:\/\/pangeatacticalandoutdoors.com\/index.php\/wp-json\/wp\/v2\/product_cat?post=4031"},{"taxonomy":"product_tag","embeddable":true,"href":"https:\/\/pangeatacticalandoutdoors.com\/index.php\/wp-json\/wp\/v2\/product_tag?post=4031"}],"curies":[{"name":"wp","href":"https:\/\/api.w.org\/{rel}","templated":true}]}}