{"id":3954,"date":"2021-11-09T12:53:28","date_gmt":"2021-11-09T18:53:28","guid":{"rendered":"https:\/\/pangeatacticalandoutdoors.com\/?post_type=product&#038;p=3954"},"modified":"2026-03-09T11:45:30","modified_gmt":"2026-03-09T17:45:30","slug":"pantalon-maja-cargo-explora_t-12-1","status":"publish","type":"product","link":"https:\/\/pangeatacticalandoutdoors.com\/index.php\/producto\/pantalon-maja-cargo-explora_t-12-1\/","title":{"rendered":"MAJA-PANTAL\u00d3N CARGO EXPLORA"},"content":{"rendered":"<p><em>Un pantal\u00f3n que lo tiene todo, dise\u00f1ado con tela de estiramiento 4 v\u00edas, protecci\u00f3n impermeable y bolsos para tus herramientas. Tu acompa\u00f1ante en esos momentos outdoor.<\/em><\/p>\n<h6>CARACTER\u00cdSTICAS:<\/h6>\n<ul>\n<li>Bolsillo para herramienta.<\/li>\n<li>Protecci\u00f3n UV.<\/li>\n<li>Tela con estiramiento en cuatro v\u00edas.<\/li>\n<li>Secado r\u00e1pido.<\/li>\n<li>Protecci\u00f3n impermeable.<\/li>\n<\/ul>\n","protected":false},"excerpt":{"rendered":"<p>Un pantal\u00f3n que lo tiene todo, dise\u00f1ado con tela de estiramiento 4 v\u00edas, protecci\u00f3n impermeable y bolsos para tus herramientas. Tu acompa\u00f1ante en esos momentos outdoor. CARACTER\u00cdSTICAS: Bolsillo para herramienta. Protecci\u00f3n UV. Tela con estiramiento en cuatro v\u00edas. Secado r\u00e1pido. Protecci\u00f3n impermeable.<\/p>\n","protected":false},"featured_media":3963,"comment_status":"open","ping_status":"closed","template":"","meta":{"site-sidebar-layout":"default","site-content-layout":"default","ast-global-header-display":"","ast-main-header-display":"","ast-hfb-above-header-display":"","ast-hfb-below-header-display":"","ast-hfb-mobile-header-display":"","site-post-title":"","ast-breadcrumbs-content":"","ast-featured-img":"","footer-sml-layout":"","theme-transparent-header-meta":"default","adv-header-id-meta":"","stick-header-meta":"","header-above-stick-meta":"","header-main-stick-meta":"","header-below-stick-meta":""},"product_cat":[88,133],"product_tag":[],"class_list":["post-3954","product","type-product","status-publish","has-post-thumbnail","hentry","product_cat-campismo","product_cat-pantalones"],"jetpack_sharing_enabled":true,"_links":{"self":[{"href":"https:\/\/pangeatacticalandoutdoors.com\/index.php\/wp-json\/wp\/v2\/product\/3954","targetHints":{"allow":["GET"]}}],"collection":[{"href":"https:\/\/pangeatacticalandoutdoors.com\/index.php\/wp-json\/wp\/v2\/product"}],"about":[{"href":"https:\/\/pangeatacticalandoutdoors.com\/index.php\/wp-json\/wp\/v2\/types\/product"}],"replies":[{"embeddable":true,"href":"https:\/\/pangeatacticalandoutdoors.com\/index.php\/wp-json\/wp\/v2\/comments?post=3954"}],"wp:featuredmedia":[{"embeddable":true,"href":"https:\/\/pangeatacticalandoutdoors.com\/index.php\/wp-json\/wp\/v2\/media\/3963"}],"wp:attachment":[{"href":"https:\/\/pangeatacticalandoutdoors.com\/index.php\/wp-json\/wp\/v2\/media?parent=3954"}],"wp:term":[{"taxonomy":"product_cat","embeddable":true,"href":"https:\/\/pangeatacticalandoutdoors.com\/index.php\/wp-json\/wp\/v2\/product_cat?post=3954"},{"taxonomy":"product_tag","embeddable":true,"href":"https:\/\/pangeatacticalandoutdoors.com\/index.php\/wp-json\/wp\/v2\/product_tag?post=3954"}],"curies":[{"name":"wp","href":"https:\/\/api.w.org\/{rel}","templated":true}]}}