{"id":3847,"date":"2021-11-05T18:53:14","date_gmt":"2021-11-06T00:53:14","guid":{"rendered":"https:\/\/pangeatacticalandoutdoors.com\/?post_type=product&#038;p=3847"},"modified":"2023-06-16T14:35:16","modified_gmt":"2023-06-16T19:35:16","slug":"camcon-tactical-pen-w-glass-breaker","status":"publish","type":"product","link":"https:\/\/pangeatacticalandoutdoors.com\/index.php\/producto\/camcon-tactical-pen-w-glass-breaker\/","title":{"rendered":"CAMCON-TACTICAL PEN W\/GLASS BREAKER"},"content":{"rendered":"<p><em>Nuestro bol\u00edgrafo t\u00e1ctico CAMCON\u00ae est\u00e1 hecho de aluminio liviano de alta resistencia y cuenta con un rompevidrios y un tap\u00f3n de rosca. Con su dise\u00f1o estriado, es elegante y capaz de soportar una paliza.<\/em><\/p>\n<h6>CARACTER\u00cdSTICAS:<\/h6>\n<ul>\n<li>Carcasa de Aluminio<\/li>\n<li>Rompecristales<\/li>\n<li>Clip de bolsillo<\/li>\n<li>Parte superior del tornillo<\/li>\n<li>Recargas de bol\u00edgrafo est\u00e1ndar<\/li>\n<li>Dise\u00f1o moleteado<\/li>\n<li>PESO: 1,6 onzas (45 g)<\/li>\n<li>DIMENSIONES: 6,5 x 0,5 x 0,5 pulgadas (184 x 15 x 15 cm)<\/li>\n<\/ul>\n","protected":false},"excerpt":{"rendered":"<p>Nuestro bol\u00edgrafo t\u00e1ctico CAMCON\u00ae est\u00e1 hecho de aluminio liviano de alta resistencia y cuenta con un rompevidrios y un tap\u00f3n de rosca. Con su dise\u00f1o estriado, es elegante y capaz de soportar una paliza. CARACTER\u00cdSTICAS: Carcasa de Aluminio Rompecristales Clip de bolsillo Parte superior del tornillo Recargas de bol\u00edgrafo est\u00e1ndar Dise\u00f1o moleteado PESO: 1,6 onzas &hellip;<\/p>\n<p class=\"read-more\"> <a class=\"\" href=\"https:\/\/pangeatacticalandoutdoors.com\/index.php\/producto\/camcon-tactical-pen-w-glass-breaker\/\"> <span class=\"screen-reader-text\">CAMCON-TACTICAL PEN W\/GLASS BREAKER<\/span> Leer m\u00e1s &raquo;<\/a><\/p>\n","protected":false},"featured_media":3831,"comment_status":"open","ping_status":"closed","template":"","meta":{"site-sidebar-layout":"default","site-content-layout":"default","ast-global-header-display":"","ast-main-header-display":"","ast-hfb-above-header-display":"","ast-hfb-below-header-display":"","ast-hfb-mobile-header-display":"","site-post-title":"","ast-breadcrumbs-content":"","ast-featured-img":"","footer-sml-layout":"","theme-transparent-header-meta":"default","adv-header-id-meta":"","stick-header-meta":"","header-above-stick-meta":"","header-main-stick-meta":"","header-below-stick-meta":""},"product_cat":[195,88],"product_tag":[],"class_list":["post-3847","product","type-product","status-publish","has-post-thumbnail","hentry","product_cat-boligrafo","product_cat-campismo"],"jetpack_sharing_enabled":true,"_links":{"self":[{"href":"https:\/\/pangeatacticalandoutdoors.com\/index.php\/wp-json\/wp\/v2\/product\/3847","targetHints":{"allow":["GET"]}}],"collection":[{"href":"https:\/\/pangeatacticalandoutdoors.com\/index.php\/wp-json\/wp\/v2\/product"}],"about":[{"href":"https:\/\/pangeatacticalandoutdoors.com\/index.php\/wp-json\/wp\/v2\/types\/product"}],"replies":[{"embeddable":true,"href":"https:\/\/pangeatacticalandoutdoors.com\/index.php\/wp-json\/wp\/v2\/comments?post=3847"}],"wp:featuredmedia":[{"embeddable":true,"href":"https:\/\/pangeatacticalandoutdoors.com\/index.php\/wp-json\/wp\/v2\/media\/3831"}],"wp:attachment":[{"href":"https:\/\/pangeatacticalandoutdoors.com\/index.php\/wp-json\/wp\/v2\/media?parent=3847"}],"wp:term":[{"taxonomy":"product_cat","embeddable":true,"href":"https:\/\/pangeatacticalandoutdoors.com\/index.php\/wp-json\/wp\/v2\/product_cat?post=3847"},{"taxonomy":"product_tag","embeddable":true,"href":"https:\/\/pangeatacticalandoutdoors.com\/index.php\/wp-json\/wp\/v2\/product_tag?post=3847"}],"curies":[{"name":"wp","href":"https:\/\/api.w.org\/{rel}","templated":true}]}}