{"id":3836,"date":"2021-11-05T18:05:29","date_gmt":"2021-11-06T00:05:29","guid":{"rendered":"https:\/\/pangeatacticalandoutdoors.com\/?post_type=product&#038;p=3836"},"modified":"2025-05-01T13:55:33","modified_gmt":"2025-05-01T19:55:33","slug":"camcon-3-color-camouflage-cream-compact-w-mirror","status":"publish","type":"product","link":"https:\/\/pangeatacticalandoutdoors.com\/index.php\/producto\/camcon-3-color-camouflage-cream-compact-w-mirror\/","title":{"rendered":"CAMCON-3 COLOR CAMOUFLAGE CREAM COMPACT W\/MIRROR"},"content":{"rendered":"<p><em>Nuestro compacto redondo de 3 colores Camouflage Cream con espejo se pone f\u00e1cilmente y permanece hasta que se retira con agua y jab\u00f3n. Los colores antideslumbrantes incluyen oliva, negro y marr\u00f3n. Ligero, compacto y vers\u00e1til para un f\u00e1cil almacenamiento en un bolsillo BDU.<\/em><\/p>\n<h6>CARACTER\u00cdSTICAS:<\/h6>\n<ul>\n<li>Crea cualquier patr\u00f3n &#8211; Docenas de combinaciones<\/li>\n<li>F\u00e1cil de aplicar f\u00e1cil de quitar, duradero<\/li>\n<li>PESO: 2 oz (57 g)<\/li>\n<li>DIMENSIONES: 3 x 3 x 0,6 pulgadas (8 x 8 x 1,5 cm)<\/li>\n<li>Tama\u00f1o de bolsillo: f\u00e1cil de llevar<\/li>\n<li>Colores antideslumbrantes<\/li>\n<li>Espejo incluido<\/li>\n<\/ul>\n","protected":false},"excerpt":{"rendered":"<p>Nuestro compacto redondo de 3 colores Camouflage Cream con espejo se pone f\u00e1cilmente y permanece hasta que se retira con agua y jab\u00f3n. Los colores antideslumbrantes incluyen oliva, negro y marr\u00f3n. Ligero, compacto y vers\u00e1til para un f\u00e1cil almacenamiento en un bolsillo BDU. CARACTER\u00cdSTICAS: Crea cualquier patr\u00f3n &#8211; Docenas de combinaciones F\u00e1cil de aplicar f\u00e1cil &hellip;<\/p>\n<p class=\"read-more\"> <a class=\"\" href=\"https:\/\/pangeatacticalandoutdoors.com\/index.php\/producto\/camcon-3-color-camouflage-cream-compact-w-mirror\/\"> <span class=\"screen-reader-text\">CAMCON-3 COLOR CAMOUFLAGE CREAM COMPACT W\/MIRROR<\/span> Leer m\u00e1s &raquo;<\/a><\/p>\n","protected":false},"featured_media":3818,"comment_status":"open","ping_status":"closed","template":"","meta":{"site-sidebar-layout":"default","site-content-layout":"default","ast-global-header-display":"","ast-main-header-display":"","ast-hfb-above-header-display":"","ast-hfb-below-header-display":"","ast-hfb-mobile-header-display":"","site-post-title":"","ast-breadcrumbs-content":"","ast-featured-img":"","footer-sml-layout":"","theme-transparent-header-meta":"default","adv-header-id-meta":"","stick-header-meta":"","header-above-stick-meta":"","header-main-stick-meta":"","header-below-stick-meta":""},"product_cat":[191,88],"product_tag":[],"class_list":["post-3836","product","type-product","status-publish","has-post-thumbnail","hentry","product_cat-cremas-y-pinturas-de-camuflaje","product_cat-campismo"],"jetpack_sharing_enabled":true,"_links":{"self":[{"href":"https:\/\/pangeatacticalandoutdoors.com\/index.php\/wp-json\/wp\/v2\/product\/3836","targetHints":{"allow":["GET"]}}],"collection":[{"href":"https:\/\/pangeatacticalandoutdoors.com\/index.php\/wp-json\/wp\/v2\/product"}],"about":[{"href":"https:\/\/pangeatacticalandoutdoors.com\/index.php\/wp-json\/wp\/v2\/types\/product"}],"replies":[{"embeddable":true,"href":"https:\/\/pangeatacticalandoutdoors.com\/index.php\/wp-json\/wp\/v2\/comments?post=3836"}],"wp:featuredmedia":[{"embeddable":true,"href":"https:\/\/pangeatacticalandoutdoors.com\/index.php\/wp-json\/wp\/v2\/media\/3818"}],"wp:attachment":[{"href":"https:\/\/pangeatacticalandoutdoors.com\/index.php\/wp-json\/wp\/v2\/media?parent=3836"}],"wp:term":[{"taxonomy":"product_cat","embeddable":true,"href":"https:\/\/pangeatacticalandoutdoors.com\/index.php\/wp-json\/wp\/v2\/product_cat?post=3836"},{"taxonomy":"product_tag","embeddable":true,"href":"https:\/\/pangeatacticalandoutdoors.com\/index.php\/wp-json\/wp\/v2\/product_tag?post=3836"}],"curies":[{"name":"wp","href":"https:\/\/api.w.org\/{rel}","templated":true}]}}