{"id":3722,"date":"2021-11-04T14:09:04","date_gmt":"2021-11-04T20:09:04","guid":{"rendered":"https:\/\/pangeatacticalandoutdoors.com\/?post_type=product&#038;p=3722"},"modified":"2023-10-10T17:19:29","modified_gmt":"2023-10-10T22:19:29","slug":"snugpak-travel-towel-handsface","status":"publish","type":"product","link":"https:\/\/pangeatacticalandoutdoors.com\/index.php\/producto\/snugpak-travel-towel-handsface\/","title":{"rendered":"SNUGPAK-TRAVEL TOWEL-HANDS&#038;FACE"},"content":{"rendered":"<p><em>M\u00e1s que &#8216;solo una toalla&#8217;: para viajes de un d\u00eda, expediciones y viajes al extranjero, esta suave toalla de viaje est\u00e1 hecha con tecnolog\u00edas inteligentes SILVADUR \u2122, lo que reduce los olores y minimiza la acumulaci\u00f3n de bacterias. El material superabsorbente de secado r\u00e1pido hace que la toalla de viaje sea un art\u00edculo esencial para todas las actividades al aire libre, reduce el peso y el tama\u00f1o de la mochila para los viajeros y es ideal para aventuras y expediciones. Un complemento ideal para cualquier mochila para eliminar la humedad (condensaci\u00f3n) del interior de carpas y refugios, as\u00ed como para mantenerte limpio y seco en los viajes y aventuras que elijas.<\/em><\/p>\n<p><em>La toalla es peque\u00f1a, pero tiene un tama\u00f1o impresionante de 62 x 80 cm y pesa solo 120 g. La toalla se puede doblar o enrollar hasta un tama\u00f1o m\u00ednimo de paquete y se puede usar en una variedad de condiciones antes de dejarla secar al aire de forma natural o escurrir para eliminar el exceso de humedad. Utilizado como una bufanda para el cuello, puede proteger de la acumulaci\u00f3n de sudor en un d\u00eda caluroso, colocarse debajo de un sombrero para proteger la parte posterior de su cuello de las quemaduras solares, o agregar una capa de calidez en climas m\u00e1s fr\u00edos, el Hands &amp; Face Travel La toalla es lo suficientemente peque\u00f1a y liviana como para llevarla cuando sea necesario.<\/em><\/p>\n<p><em>Las propiedades antibacterianas de la plata anodizada se conocen desde hace siglos, y muchos art\u00edculos, como toallas, sacos de dormir y ropa interior de capa base, contienen plata dentro de las microfibras. Esta tecnolog\u00eda basada en materiales inteligentes tiene un profundo efecto sobre la bacteria Gram-Negativa, responsable de diversas dolencias relacionadas con enfermedades alimentarias y gastrointestinales, como la E. coli. La plata anodizada descompone las bacterias, reduciendo tanto la eficacia de la transmisi\u00f3n de enfermedades basadas en vectores (toallas) como la acumulaci\u00f3n de olores.<\/em><\/p>\n<h6>CARACTER\u00cdSTICAS:<\/h6>\n<ul>\n<li>S\u00faper absorbente<\/li>\n<li>Secado r\u00e1pido<\/li>\n<li>Ligero<\/li>\n<li>Tama\u00f1o de paquete peque\u00f1o<\/li>\n<li>Lavable a m\u00e1quina (40 \u00b0 C)<\/li>\n<li>Tejido: SILVADUR \u2122 antibacteriano<\/li>\n<li>Peso: 120 g \/ 4 oz<\/li>\n<li>Tama\u00f1o: 80 cm x 62 cm \/ 31 &#8220;x 24&#8221;<\/li>\n<li>Origen: importado<\/li>\n<\/ul>\n","protected":false},"excerpt":{"rendered":"<p>M\u00e1s que &#8216;solo una toalla&#8217;: para viajes de un d\u00eda, expediciones y viajes al extranjero, esta suave toalla de viaje est\u00e1 hecha con tecnolog\u00edas inteligentes SILVADUR \u2122, lo que reduce los olores y minimiza la acumulaci\u00f3n de bacterias. El material superabsorbente de secado r\u00e1pido hace que la toalla de viaje sea un art\u00edculo esencial para &hellip;<\/p>\n<p class=\"read-more\"> <a class=\"\" href=\"https:\/\/pangeatacticalandoutdoors.com\/index.php\/producto\/snugpak-travel-towel-handsface\/\"> <span class=\"screen-reader-text\">SNUGPAK-TRAVEL TOWEL-HANDS&#038;FACE<\/span> Leer m\u00e1s &raquo;<\/a><\/p>\n","protected":false},"featured_media":3728,"comment_status":"open","ping_status":"closed","template":"","meta":{"site-sidebar-layout":"default","site-content-layout":"default","ast-global-header-display":"","ast-main-header-display":"","ast-hfb-above-header-display":"","ast-hfb-below-header-display":"","ast-hfb-mobile-header-display":"","site-post-title":"","ast-breadcrumbs-content":"","ast-featured-img":"","footer-sml-layout":"","theme-transparent-header-meta":"default","adv-header-id-meta":"","stick-header-meta":"","header-above-stick-meta":"","header-main-stick-meta":"","header-below-stick-meta":""},"product_cat":[170,88],"product_tag":[],"class_list":["post-3722","product","type-product","status-publish","has-post-thumbnail","hentry","product_cat-accesorios-de-bano","product_cat-campismo"],"jetpack_sharing_enabled":true,"_links":{"self":[{"href":"https:\/\/pangeatacticalandoutdoors.com\/index.php\/wp-json\/wp\/v2\/product\/3722","targetHints":{"allow":["GET"]}}],"collection":[{"href":"https:\/\/pangeatacticalandoutdoors.com\/index.php\/wp-json\/wp\/v2\/product"}],"about":[{"href":"https:\/\/pangeatacticalandoutdoors.com\/index.php\/wp-json\/wp\/v2\/types\/product"}],"replies":[{"embeddable":true,"href":"https:\/\/pangeatacticalandoutdoors.com\/index.php\/wp-json\/wp\/v2\/comments?post=3722"}],"wp:featuredmedia":[{"embeddable":true,"href":"https:\/\/pangeatacticalandoutdoors.com\/index.php\/wp-json\/wp\/v2\/media\/3728"}],"wp:attachment":[{"href":"https:\/\/pangeatacticalandoutdoors.com\/index.php\/wp-json\/wp\/v2\/media?parent=3722"}],"wp:term":[{"taxonomy":"product_cat","embeddable":true,"href":"https:\/\/pangeatacticalandoutdoors.com\/index.php\/wp-json\/wp\/v2\/product_cat?post=3722"},{"taxonomy":"product_tag","embeddable":true,"href":"https:\/\/pangeatacticalandoutdoors.com\/index.php\/wp-json\/wp\/v2\/product_tag?post=3722"}],"curies":[{"name":"wp","href":"https:\/\/api.w.org\/{rel}","templated":true}]}}