{"id":3698,"date":"2021-11-04T13:31:47","date_gmt":"2021-11-04T19:31:47","guid":{"rendered":"https:\/\/pangeatacticalandoutdoors.com\/?post_type=product&#038;p=3698"},"modified":"2022-04-06T13:38:07","modified_gmt":"2022-04-06T18:38:07","slug":"snugpak-poncho-linerone-size-fits-all","status":"publish","type":"product","link":"https:\/\/pangeatacticalandoutdoors.com\/index.php\/producto\/snugpak-poncho-linerone-size-fits-all\/","title":{"rendered":"SNUGPAK-PONCHO LINER,ONE SIZE FITS ALL"},"content":{"rendered":"<p><em>El poncho aislante Snugpak\u00ae es simplemente una pieza \u00fatil del equipo aislante que ser\u00e1 \u00fatil cuando necesite calentarse r\u00e1pidamente y mantenerse abrigado. El dise\u00f1o de bata de corte generoso significa que es perfecto para usar solo como un su\u00e9ter estilo manta, dise\u00f1ado para brindarle todo el calor que necesita para acampar todos los d\u00edas o en una noche seca y fr\u00eda cuando no quiere que el fr\u00edo se eche a perder. tu vista de la puesta de sol!<\/em><br \/>\n<em>Y si hay un aguacero repentino, comb\u00ednelo con nuestro Poncho Patrulla para ofrecer una protecci\u00f3n que es a la vez c\u00e1lida e impermeable. El poncho est\u00e1 hecho del exclusivo material Micro Diamond Ripstop de Snugpak, lo que lo hace liviano y repelente al agua.<\/em><\/p>\n<h6>CARACTER\u00cdSTICAS:<\/h6>\n<ul>\n<li>Las telas antibacterianas detienen los olores cuando est\u00e1s en movimiento<\/li>\n<li>Capucha ajustable con cord\u00f3n el\u00e1stico<\/li>\n<li>Presillas el\u00e1sticas para el pulgar<\/li>\n<li>Una talla le queda a la mayor\u00eda<\/li>\n<li>Se suministra con una bolsa de material de compresi\u00f3n para facilitar el transporte compacto.<\/li>\n<li>\u00daselo con nuestro poncho de patrulla mejorado para volverse impermeable<\/li>\n<li>Tejido exterior: Micro diamante , 100% poli\u00e9ster<\/li>\n<li>Tejido interior: Paratex antibacteriano , 100% poli\u00e9ster<\/li>\n<li>Aislamiento: Travelsoft , 100% poli\u00e9ster<\/li>\n<li>Peso: 950 g \/ 34 oz<\/li>\n<li>Tama\u00f1o del paquete: 18 cm x 15 cm \/ 7 &#8220;x 6&#8221;<\/li>\n<li>Ajuste: ajuste de gran tama\u00f1o<\/li>\n<li>Origen: importado<\/li>\n<\/ul>\n","protected":false},"excerpt":{"rendered":"<p>El poncho aislante Snugpak\u00ae es simplemente una pieza \u00fatil del equipo aislante que ser\u00e1 \u00fatil cuando necesite calentarse r\u00e1pidamente y mantenerse abrigado. El dise\u00f1o de bata de corte generoso significa que es perfecto para usar solo como un su\u00e9ter estilo manta, dise\u00f1ado para brindarle todo el calor que necesita para acampar todos los d\u00edas o &hellip;<\/p>\n<p class=\"read-more\"> <a class=\"\" href=\"https:\/\/pangeatacticalandoutdoors.com\/index.php\/producto\/snugpak-poncho-linerone-size-fits-all\/\"> <span class=\"screen-reader-text\">SNUGPAK-PONCHO LINER,ONE SIZE FITS ALL<\/span> Leer m\u00e1s &raquo;<\/a><\/p>\n","protected":false},"featured_media":3701,"comment_status":"open","ping_status":"closed","template":"","meta":{"site-sidebar-layout":"default","site-content-layout":"default","ast-global-header-display":"","ast-main-header-display":"","ast-hfb-above-header-display":"","ast-hfb-below-header-display":"","ast-hfb-mobile-header-display":"","site-post-title":"","ast-breadcrumbs-content":"","ast-featured-img":"","footer-sml-layout":"","theme-transparent-header-meta":"default","adv-header-id-meta":"","stick-header-meta":"","header-above-stick-meta":"","header-main-stick-meta":"","header-below-stick-meta":""},"product_cat":[169,88],"product_tag":[],"class_list":["post-3698","product","type-product","status-publish","has-post-thumbnail","hentry","product_cat-mantas-y-accesorios","product_cat-campismo"],"jetpack_sharing_enabled":true,"_links":{"self":[{"href":"https:\/\/pangeatacticalandoutdoors.com\/index.php\/wp-json\/wp\/v2\/product\/3698","targetHints":{"allow":["GET"]}}],"collection":[{"href":"https:\/\/pangeatacticalandoutdoors.com\/index.php\/wp-json\/wp\/v2\/product"}],"about":[{"href":"https:\/\/pangeatacticalandoutdoors.com\/index.php\/wp-json\/wp\/v2\/types\/product"}],"replies":[{"embeddable":true,"href":"https:\/\/pangeatacticalandoutdoors.com\/index.php\/wp-json\/wp\/v2\/comments?post=3698"}],"wp:featuredmedia":[{"embeddable":true,"href":"https:\/\/pangeatacticalandoutdoors.com\/index.php\/wp-json\/wp\/v2\/media\/3701"}],"wp:attachment":[{"href":"https:\/\/pangeatacticalandoutdoors.com\/index.php\/wp-json\/wp\/v2\/media?parent=3698"}],"wp:term":[{"taxonomy":"product_cat","embeddable":true,"href":"https:\/\/pangeatacticalandoutdoors.com\/index.php\/wp-json\/wp\/v2\/product_cat?post=3698"},{"taxonomy":"product_tag","embeddable":true,"href":"https:\/\/pangeatacticalandoutdoors.com\/index.php\/wp-json\/wp\/v2\/product_tag?post=3698"}],"curies":[{"name":"wp","href":"https:\/\/api.w.org\/{rel}","templated":true}]}}