{"id":3682,"date":"2021-11-04T13:18:31","date_gmt":"2021-11-04T19:18:31","guid":{"rendered":"https:\/\/pangeatacticalandoutdoors.com\/?post_type=product&#038;p=3682"},"modified":"2022-07-14T18:30:00","modified_gmt":"2022-07-14T23:30:00","slug":"snugpak-jungle-blanket","status":"publish","type":"product","link":"https:\/\/pangeatacticalandoutdoors.com\/index.php\/producto\/snugpak-jungle-blanket\/","title":{"rendered":"SNUGPAK-JUNGLE BLANKET"},"content":{"rendered":"<p><em>La manta de la jungla es una alternativa c\u00e1lida, liviana y menos voluminosa a su edred\u00f3n en casa, ideal para brindar calor adicional durante el campamento, emergencias o incluso para envolverlo en una noche fr\u00eda mientras disfruta de la fogata o contempla la vista del atardecer. Snugpak ha dise\u00f1ado la manta Jungle con Travelsoft Insulation, dise\u00f1ada para un rendimiento excepcional con fibras ultraligeras y de alto loft que funcionan magn\u00edficamente incluso despu\u00e9s de comprimirse en un tama\u00f1o peque\u00f1o y compacto para viajes ligeros. Antibacteriana, antimicrobiana, a prueba de viento y resistente al agua, la manta Jungle se convertir\u00e1 en tu mejor amiga cuando baje la temperatura.<\/em><\/p>\n<h6>CARACTER\u00cdSTICAS:<\/h6>\n<ul>\n<li>Ligero, resistente al viento y repelente al agua<\/li>\n<li>Antibacteriano y antimicrobiano<\/li>\n<li>Travelsoft aislado para brindar calor , conservando las caracter\u00edsticas t\u00e9rmicas despu\u00e9s de desempacar<\/li>\n<li>Se suministra con una bolsa de material de compresi\u00f3n.<\/li>\n<li>Tejidos y aislamiento<\/li>\n<li>Tejido exterior: Micro diamante , 100% poli\u00e9ster<\/li>\n<li>Tejido interior: Paratex antibacteriano , 100% poli\u00e9ster<\/li>\n<li>Aislamiento: Travelsoft , 100% poli\u00e9ster<\/li>\n<li>Est\u00e1ndar de peso: 700 g \/ 25 oz<\/li>\n<li>Peso extra grande: 900 g \/ 32 oz<\/li>\n<li>Dimensiones:<\/li>\n<li>Est\u00e1ndar &#8211; 163 cm x 193 cm \/ 64 &#8220;x 76&#8221;<\/li>\n<li>Extra grande &#8211; 224 cm x 183 cm \/ 88 &#8220;x 72&#8221;<\/li>\n<li>Origen: importado<\/li>\n<\/ul>\n<p>&nbsp;<\/p>\n","protected":false},"excerpt":{"rendered":"<p>La manta de la jungla es una alternativa c\u00e1lida, liviana y menos voluminosa a su edred\u00f3n en casa, ideal para brindar calor adicional durante el campamento, emergencias o incluso para envolverlo en una noche fr\u00eda mientras disfruta de la fogata o contempla la vista del atardecer. Snugpak ha dise\u00f1ado la manta Jungle con Travelsoft Insulation, &hellip;<\/p>\n<p class=\"read-more\"> <a class=\"\" href=\"https:\/\/pangeatacticalandoutdoors.com\/index.php\/producto\/snugpak-jungle-blanket\/\"> <span class=\"screen-reader-text\">SNUGPAK-JUNGLE BLANKET<\/span> Leer m\u00e1s &raquo;<\/a><\/p>\n","protected":false},"featured_media":3692,"comment_status":"open","ping_status":"closed","template":"","meta":{"site-sidebar-layout":"default","site-content-layout":"default","ast-global-header-display":"","ast-main-header-display":"","ast-hfb-above-header-display":"","ast-hfb-below-header-display":"","ast-hfb-mobile-header-display":"","site-post-title":"","ast-breadcrumbs-content":"","ast-featured-img":"","footer-sml-layout":"","theme-transparent-header-meta":"default","adv-header-id-meta":"","stick-header-meta":"","header-above-stick-meta":"","header-main-stick-meta":"","header-below-stick-meta":""},"product_cat":[169,88],"product_tag":[],"class_list":["post-3682","product","type-product","status-publish","has-post-thumbnail","hentry","product_cat-mantas-y-accesorios","product_cat-campismo"],"jetpack_sharing_enabled":true,"_links":{"self":[{"href":"https:\/\/pangeatacticalandoutdoors.com\/index.php\/wp-json\/wp\/v2\/product\/3682","targetHints":{"allow":["GET"]}}],"collection":[{"href":"https:\/\/pangeatacticalandoutdoors.com\/index.php\/wp-json\/wp\/v2\/product"}],"about":[{"href":"https:\/\/pangeatacticalandoutdoors.com\/index.php\/wp-json\/wp\/v2\/types\/product"}],"replies":[{"embeddable":true,"href":"https:\/\/pangeatacticalandoutdoors.com\/index.php\/wp-json\/wp\/v2\/comments?post=3682"}],"wp:featuredmedia":[{"embeddable":true,"href":"https:\/\/pangeatacticalandoutdoors.com\/index.php\/wp-json\/wp\/v2\/media\/3692"}],"wp:attachment":[{"href":"https:\/\/pangeatacticalandoutdoors.com\/index.php\/wp-json\/wp\/v2\/media?parent=3682"}],"wp:term":[{"taxonomy":"product_cat","embeddable":true,"href":"https:\/\/pangeatacticalandoutdoors.com\/index.php\/wp-json\/wp\/v2\/product_cat?post=3682"},{"taxonomy":"product_tag","embeddable":true,"href":"https:\/\/pangeatacticalandoutdoors.com\/index.php\/wp-json\/wp\/v2\/product_tag?post=3682"}],"curies":[{"name":"wp","href":"https:\/\/api.w.org\/{rel}","templated":true}]}}