{"id":3546,"date":"2021-11-03T12:11:50","date_gmt":"2021-11-03T18:11:50","guid":{"rendered":"https:\/\/pangeatacticalandoutdoors.com\/?post_type=product&#038;p=3546"},"modified":"2026-04-30T12:44:32","modified_gmt":"2026-04-30T18:44:32","slug":"5-11-hard-point-m2-carabiner-modelo-56595","status":"publish","type":"product","link":"https:\/\/pangeatacticalandoutdoors.com\/index.php\/producto\/5-11-hard-point-m2-carabiner-modelo-56595\/","title":{"rendered":"5.11 HARD POINT M2 CARABINER MODELO 56595"},"content":{"rendered":"<p><em>El Hardpoint M2 es un mosquet\u00f3n de acero inoxidable con una compuerta de alambre de cierre autom\u00e1tico, que se integra a la perfecci\u00f3n en las correas MOLLE, las matrices HEXGRID\u00ae y plataformas de carga similares. Tiene bordes entorchados para un mejor agarre y un acabado con recubrimiento de polvo para una baja visibilidad.<\/em><\/p>\n<h6>CARACTER\u00cdSTICAS:<\/h6>\n<ul>\n<li>2,46 &#8220;X 1,5&#8221;<\/li>\n<li>Se fija de forma segura a las plataformas de carga (MOLLE, HEXGRID)<\/li>\n<li>Bordes entorchados para agarre<\/li>\n<li>Cuerpo de acero inoxidable<\/li>\n<li>Puerta de alambre de acero con resorte de cierre autom\u00e1tico<\/li>\n<li>No para escalar<\/li>\n<li>Importado<\/li>\n<\/ul>\n","protected":false},"excerpt":{"rendered":"<p>El Hardpoint M2 es un mosquet\u00f3n de acero inoxidable con una compuerta de alambre de cierre autom\u00e1tico, que se integra a la perfecci\u00f3n en las correas MOLLE, las matrices HEXGRID\u00ae y plataformas de carga similares. Tiene bordes entorchados para un mejor agarre y un acabado con recubrimiento de polvo para una baja visibilidad. CARACTER\u00cdSTICAS: 2,46 &hellip;<\/p>\n<p class=\"read-more\"> <a class=\"\" href=\"https:\/\/pangeatacticalandoutdoors.com\/index.php\/producto\/5-11-hard-point-m2-carabiner-modelo-56595\/\"> <span class=\"screen-reader-text\">5.11 HARD POINT M2 CARABINER MODELO 56595<\/span> Leer m\u00e1s &raquo;<\/a><\/p>\n","protected":false},"featured_media":3549,"comment_status":"open","ping_status":"closed","template":"","meta":{"site-sidebar-layout":"default","site-content-layout":"default","ast-global-header-display":"","ast-main-header-display":"","ast-hfb-above-header-display":"","ast-hfb-below-header-display":"","ast-hfb-mobile-header-display":"","site-post-title":"","ast-breadcrumbs-content":"","ast-featured-img":"","footer-sml-layout":"","theme-transparent-header-meta":"default","adv-header-id-meta":"","stick-header-meta":"","header-above-stick-meta":"","header-main-stick-meta":"","header-below-stick-meta":""},"product_cat":[90,142],"product_tag":[],"class_list":["post-3546","product","type-product","status-publish","has-post-thumbnail","hentry","product_cat-accesorios","product_cat-instrumentos"],"jetpack_sharing_enabled":true,"_links":{"self":[{"href":"https:\/\/pangeatacticalandoutdoors.com\/index.php\/wp-json\/wp\/v2\/product\/3546","targetHints":{"allow":["GET"]}}],"collection":[{"href":"https:\/\/pangeatacticalandoutdoors.com\/index.php\/wp-json\/wp\/v2\/product"}],"about":[{"href":"https:\/\/pangeatacticalandoutdoors.com\/index.php\/wp-json\/wp\/v2\/types\/product"}],"replies":[{"embeddable":true,"href":"https:\/\/pangeatacticalandoutdoors.com\/index.php\/wp-json\/wp\/v2\/comments?post=3546"}],"wp:featuredmedia":[{"embeddable":true,"href":"https:\/\/pangeatacticalandoutdoors.com\/index.php\/wp-json\/wp\/v2\/media\/3549"}],"wp:attachment":[{"href":"https:\/\/pangeatacticalandoutdoors.com\/index.php\/wp-json\/wp\/v2\/media?parent=3546"}],"wp:term":[{"taxonomy":"product_cat","embeddable":true,"href":"https:\/\/pangeatacticalandoutdoors.com\/index.php\/wp-json\/wp\/v2\/product_cat?post=3546"},{"taxonomy":"product_tag","embeddable":true,"href":"https:\/\/pangeatacticalandoutdoors.com\/index.php\/wp-json\/wp\/v2\/product_tag?post=3546"}],"curies":[{"name":"wp","href":"https:\/\/api.w.org\/{rel}","templated":true}]}}