{"id":3475,"date":"2021-11-01T11:40:17","date_gmt":"2021-11-01T17:40:17","guid":{"rendered":"https:\/\/pangeatacticalandoutdoors.com\/?post_type=product&#038;p=3475"},"modified":"2024-02-27T15:20:38","modified_gmt":"2024-02-27T21:20:38","slug":"5-11-phantom-leather-bifold-wallet-modelo-56377","status":"publish","type":"product","link":"https:\/\/pangeatacticalandoutdoors.com\/index.php\/producto\/5-11-phantom-leather-bifold-wallet-modelo-56377\/","title":{"rendered":"5.11 PHANTOM LEATHER BIFOLD WALLET  MODELO 56377"},"content":{"rendered":"<p><em>El organizador de efectivo y tarjetas de modales se combina con una fortaleza port\u00e1til &#8230; la billetera plegable Phantom viene equipada con material de bloqueo RFID que le brindar\u00e1 tranquilidad.<\/em><\/p>\n<p>CARACTER\u00cdSTICAS:<\/p>\n<ul>\n<li>Hecho con material de bloqueo RFID<\/li>\n<li>Divisor de billetes en el compartimento principal<\/li>\n<li>Ventana de identificaci\u00f3n transparente con orificio para el pulgar<\/li>\n<li>Tres ranuras para tarjetas<\/li>\n<li>Bolsillo oculto para llaves<\/li>\n<li>Cuero con poli\u00e9ster recubierto de PU<\/li>\n<li>Forro de tafet\u00e1n de poli\u00e9ster<\/li>\n<li>RFID: tejido interno recubierto de n\u00edquel \/ cobre<\/li>\n<\/ul>\n","protected":false},"excerpt":{"rendered":"<p>El organizador de efectivo y tarjetas de modales se combina con una fortaleza port\u00e1til &#8230; la billetera plegable Phantom viene equipada con material de bloqueo RFID que le brindar\u00e1 tranquilidad. CARACTER\u00cdSTICAS: Hecho con material de bloqueo RFID Divisor de billetes en el compartimento principal Ventana de identificaci\u00f3n transparente con orificio para el pulgar Tres ranuras &hellip;<\/p>\n<p class=\"read-more\"> <a class=\"\" href=\"https:\/\/pangeatacticalandoutdoors.com\/index.php\/producto\/5-11-phantom-leather-bifold-wallet-modelo-56377\/\"> <span class=\"screen-reader-text\">5.11 PHANTOM LEATHER BIFOLD WALLET  MODELO 56377<\/span> Leer m\u00e1s &raquo;<\/a><\/p>\n","protected":false},"featured_media":3476,"comment_status":"open","ping_status":"closed","template":"","meta":{"site-sidebar-layout":"default","site-content-layout":"default","ast-global-header-display":"","ast-main-header-display":"","ast-hfb-above-header-display":"","ast-hfb-below-header-display":"","ast-hfb-mobile-header-display":"","site-post-title":"","ast-breadcrumbs-content":"","ast-featured-img":"","footer-sml-layout":"","theme-transparent-header-meta":"default","adv-header-id-meta":"","stick-header-meta":"","header-above-stick-meta":"","header-main-stick-meta":"","header-below-stick-meta":""},"product_cat":[90,239],"product_tag":[],"class_list":["post-3475","product","type-product","status-publish","has-post-thumbnail","hentry","product_cat-accesorios","product_cat-carteras-y-tarjeteros"],"jetpack_sharing_enabled":true,"_links":{"self":[{"href":"https:\/\/pangeatacticalandoutdoors.com\/index.php\/wp-json\/wp\/v2\/product\/3475","targetHints":{"allow":["GET"]}}],"collection":[{"href":"https:\/\/pangeatacticalandoutdoors.com\/index.php\/wp-json\/wp\/v2\/product"}],"about":[{"href":"https:\/\/pangeatacticalandoutdoors.com\/index.php\/wp-json\/wp\/v2\/types\/product"}],"replies":[{"embeddable":true,"href":"https:\/\/pangeatacticalandoutdoors.com\/index.php\/wp-json\/wp\/v2\/comments?post=3475"}],"wp:featuredmedia":[{"embeddable":true,"href":"https:\/\/pangeatacticalandoutdoors.com\/index.php\/wp-json\/wp\/v2\/media\/3476"}],"wp:attachment":[{"href":"https:\/\/pangeatacticalandoutdoors.com\/index.php\/wp-json\/wp\/v2\/media?parent=3475"}],"wp:term":[{"taxonomy":"product_cat","embeddable":true,"href":"https:\/\/pangeatacticalandoutdoors.com\/index.php\/wp-json\/wp\/v2\/product_cat?post=3475"},{"taxonomy":"product_tag","embeddable":true,"href":"https:\/\/pangeatacticalandoutdoors.com\/index.php\/wp-json\/wp\/v2\/product_tag?post=3475"}],"curies":[{"name":"wp","href":"https:\/\/api.w.org\/{rel}","templated":true}]}}