{"id":3315,"date":"2021-10-29T14:09:23","date_gmt":"2021-10-29T19:09:23","guid":{"rendered":"https:\/\/pangeatacticalandoutdoors.com\/?post_type=product&#038;p=3315"},"modified":"2026-02-12T15:36:42","modified_gmt":"2026-02-12T21:36:42","slug":"5-11-professional-short-sleeve-polo-modelo-41060","status":"publish","type":"product","link":"https:\/\/pangeatacticalandoutdoors.com\/index.php\/producto\/5-11-professional-short-sleeve-polo-modelo-41060\/","title":{"rendered":"5.11 PROFESSIONAL SHORT SLEEVE POLO  MODELO 41060"},"content":{"rendered":"<p><em>El polo profesional de manga corta de 5.11 est\u00e1 hecho de tejido de piqu\u00e9 100% algod\u00f3n suave y duradero que est\u00e1 tratado para retener el color. El polo profesional de manga corta presenta un cuello que no se enrolla y que se mantiene plano, bolsillos para bol\u00edgrafos en la manga y tela resistente a la decoloraci\u00f3n, arrugas y encogimiento.<\/em><\/p>\n<h6>CARACTER\u00cdSTICAS:<\/h6>\n<ul>\n<li>100% algod\u00f3n, jersey de piqu\u00e9, 6.8 oz<\/li>\n<li>Tapeta delantera de tres botones<\/li>\n<li>Sin cuello enrollado con tirantes flexibles<\/li>\n<li>Dobladillo trasero con aberturas laterales<\/li>\n<li>Bolsillo para bol\u00edgrafo compatible con bordados<\/li>\n<li>Acepta bien el bordado y la serigraf\u00eda<\/li>\n<li>Los botones de melamina no se queman, agrietan ni derriten<\/li>\n<li>Ajuste cl\u00e1sico<\/li>\n<li>Importado<\/li>\n<\/ul>\n","protected":false},"excerpt":{"rendered":"<p>El polo profesional de manga corta de 5.11 est\u00e1 hecho de tejido de piqu\u00e9 100% algod\u00f3n suave y duradero que est\u00e1 tratado para retener el color. El polo profesional de manga corta presenta un cuello que no se enrolla y que se mantiene plano, bolsillos para bol\u00edgrafos en la manga y tela resistente a la &hellip;<\/p>\n<p class=\"read-more\"> <a class=\"\" href=\"https:\/\/pangeatacticalandoutdoors.com\/index.php\/producto\/5-11-professional-short-sleeve-polo-modelo-41060\/\"> <span class=\"screen-reader-text\">5.11 PROFESSIONAL SHORT SLEEVE POLO  MODELO 41060<\/span> Leer m\u00e1s &raquo;<\/a><\/p>\n","protected":false},"featured_media":3325,"comment_status":"open","ping_status":"closed","template":"","meta":{"site-sidebar-layout":"default","site-content-layout":"default","ast-global-header-display":"","ast-main-header-display":"","ast-hfb-above-header-display":"","ast-hfb-below-header-display":"","ast-hfb-mobile-header-display":"","site-post-title":"","ast-breadcrumbs-content":"","ast-featured-img":"","footer-sml-layout":"","theme-transparent-header-meta":"default","adv-header-id-meta":"","stick-header-meta":"","header-above-stick-meta":"","header-main-stick-meta":"","header-below-stick-meta":""},"product_cat":[135,87],"product_tag":[],"class_list":["post-3315","product","type-product","status-publish","has-post-thumbnail","hentry","product_cat-polo","product_cat-ropa"],"jetpack_sharing_enabled":true,"_links":{"self":[{"href":"https:\/\/pangeatacticalandoutdoors.com\/index.php\/wp-json\/wp\/v2\/product\/3315","targetHints":{"allow":["GET"]}}],"collection":[{"href":"https:\/\/pangeatacticalandoutdoors.com\/index.php\/wp-json\/wp\/v2\/product"}],"about":[{"href":"https:\/\/pangeatacticalandoutdoors.com\/index.php\/wp-json\/wp\/v2\/types\/product"}],"replies":[{"embeddable":true,"href":"https:\/\/pangeatacticalandoutdoors.com\/index.php\/wp-json\/wp\/v2\/comments?post=3315"}],"wp:featuredmedia":[{"embeddable":true,"href":"https:\/\/pangeatacticalandoutdoors.com\/index.php\/wp-json\/wp\/v2\/media\/3325"}],"wp:attachment":[{"href":"https:\/\/pangeatacticalandoutdoors.com\/index.php\/wp-json\/wp\/v2\/media?parent=3315"}],"wp:term":[{"taxonomy":"product_cat","embeddable":true,"href":"https:\/\/pangeatacticalandoutdoors.com\/index.php\/wp-json\/wp\/v2\/product_cat?post=3315"},{"taxonomy":"product_tag","embeddable":true,"href":"https:\/\/pangeatacticalandoutdoors.com\/index.php\/wp-json\/wp\/v2\/product_tag?post=3315"}],"curies":[{"name":"wp","href":"https:\/\/api.w.org\/{rel}","templated":true}]}}