{"id":3238,"date":"2021-10-28T13:12:23","date_gmt":"2021-10-28T18:12:23","guid":{"rendered":"https:\/\/pangeatacticalandoutdoors.com\/?post_type=product&#038;p=3238"},"modified":"2026-02-12T13:20:00","modified_gmt":"2026-02-12T19:20:00","slug":"camisola-5-11-fast-tac-long-sleeve-shirt-modelo-72479","status":"publish","type":"product","link":"https:\/\/pangeatacticalandoutdoors.com\/index.php\/producto\/camisola-5-11-fast-tac-long-sleeve-shirt-modelo-72479\/","title":{"rendered":"5.11 CAMISOLA FAST-TAC LONG SLEEVE SHIRT MODELO 72479"},"content":{"rendered":"<p><em>Con una camiseta Fast-Tac \u2122 en la espalda, permanecer\u00e1 fresco, tranquilo y listo para manejar casi cualquier cosa. Hecho con nuestra tela ripstop Fast-Tac \u2122 de 4.7 onzas de poli\u00e9ster 100% con un acabado resistente al agua, adem\u00e1s de costuras de doble y triple aguja, es m\u00e1s liviana y resistente que nunca. Los bolsillos de parche delanteros y el bolsillo para bol\u00edgrafo patentado de 5.11 en la manga izquierda le brindan opciones de almacenamiento inteligentes e incluso son f\u00e1ciles de bordar. Usada por dentro o por fuera, esta camisa irradia un estilo sobrio y una gran confianza.<\/em><\/p>\n<h6>CARACTER\u00cdSTICAS:<\/h6>\n<ul>\n<li>100% poli\u00e9ster Fast-Tac \u2122 Ripstop, 4.7 oz, acabado resistente al agua<\/li>\n<li>Acabado resistente al agua<\/li>\n<li>Bolsillos en el pecho con gu\u00edas para bol\u00edgrafos<\/li>\n<li>El bolsillo para bol\u00edgrafo en la manga es compatible con bordados y parches<\/li>\n<li>Puntos de cuello abotonado<\/li>\n<li>Pu\u00f1os ajustables<\/li>\n<li>Importado<\/li>\n<\/ul>\n","protected":false},"excerpt":{"rendered":"<p>Con una camiseta Fast-Tac \u2122 en la espalda, permanecer\u00e1 fresco, tranquilo y listo para manejar casi cualquier cosa. Hecho con nuestra tela ripstop Fast-Tac \u2122 de 4.7 onzas de poli\u00e9ster 100% con un acabado resistente al agua, adem\u00e1s de costuras de doble y triple aguja, es m\u00e1s liviana y resistente que nunca. Los bolsillos de &hellip;<\/p>\n<p class=\"read-more\"> <a class=\"\" href=\"https:\/\/pangeatacticalandoutdoors.com\/index.php\/producto\/camisola-5-11-fast-tac-long-sleeve-shirt-modelo-72479\/\"> <span class=\"screen-reader-text\">5.11 CAMISOLA FAST-TAC LONG SLEEVE SHIRT MODELO 72479<\/span> Leer m\u00e1s &raquo;<\/a><\/p>\n","protected":false},"featured_media":3242,"comment_status":"open","ping_status":"closed","template":"","meta":{"site-sidebar-layout":"default","site-content-layout":"default","ast-global-header-display":"","ast-main-header-display":"","ast-hfb-above-header-display":"","ast-hfb-below-header-display":"","ast-hfb-mobile-header-display":"","site-post-title":"","ast-breadcrumbs-content":"","ast-featured-img":"","footer-sml-layout":"","theme-transparent-header-meta":"default","adv-header-id-meta":"","stick-header-meta":"","header-above-stick-meta":"","header-main-stick-meta":"","header-below-stick-meta":""},"product_cat":[132,87],"product_tag":[],"class_list":["post-3238","product","type-product","status-publish","has-post-thumbnail","hentry","product_cat-camisas","product_cat-ropa"],"jetpack_sharing_enabled":true,"_links":{"self":[{"href":"https:\/\/pangeatacticalandoutdoors.com\/index.php\/wp-json\/wp\/v2\/product\/3238","targetHints":{"allow":["GET"]}}],"collection":[{"href":"https:\/\/pangeatacticalandoutdoors.com\/index.php\/wp-json\/wp\/v2\/product"}],"about":[{"href":"https:\/\/pangeatacticalandoutdoors.com\/index.php\/wp-json\/wp\/v2\/types\/product"}],"replies":[{"embeddable":true,"href":"https:\/\/pangeatacticalandoutdoors.com\/index.php\/wp-json\/wp\/v2\/comments?post=3238"}],"wp:featuredmedia":[{"embeddable":true,"href":"https:\/\/pangeatacticalandoutdoors.com\/index.php\/wp-json\/wp\/v2\/media\/3242"}],"wp:attachment":[{"href":"https:\/\/pangeatacticalandoutdoors.com\/index.php\/wp-json\/wp\/v2\/media?parent=3238"}],"wp:term":[{"taxonomy":"product_cat","embeddable":true,"href":"https:\/\/pangeatacticalandoutdoors.com\/index.php\/wp-json\/wp\/v2\/product_cat?post=3238"},{"taxonomy":"product_tag","embeddable":true,"href":"https:\/\/pangeatacticalandoutdoors.com\/index.php\/wp-json\/wp\/v2\/product_tag?post=3238"}],"curies":[{"name":"wp","href":"https:\/\/api.w.org\/{rel}","templated":true}]}}